Last updated on 2025-11-04 05:51:05 CET.
| Flavor | Version | Tinstall | Tcheck | Ttotal | Status | Flags | 
|---|---|---|---|---|---|---|
| r-devel-linux-x86_64-debian-clang | 1.6 | 9.26 | 49.56 | 58.82 | NOTE | |
| r-devel-linux-x86_64-debian-gcc | 1.6 | 7.23 | 34.39 | 41.62 | NOTE | |
| r-devel-linux-x86_64-fedora-clang | 1.6 | 25.00 | 73.35 | 98.35 | OK | |
| r-devel-linux-x86_64-fedora-gcc | 1.6 | 24.00 | 64.82 | 88.82 | OK | |
| r-devel-windows-x86_64 | 1.6 | 11.00 | 65.00 | 76.00 | OK | |
| r-patched-linux-x86_64 | 1.6 | 11.36 | 47.05 | 58.41 | OK | |
| r-release-linux-x86_64 | 1.6 | 10.40 | 46.42 | 56.82 | OK | |
| r-release-macos-arm64 | 1.6 | 7.00 | 34.00 | 41.00 | OK | |
| r-release-macos-x86_64 | 1.6 | 13.00 | 74.00 | 87.00 | OK | |
| r-release-windows-x86_64 | 1.6 | 11.00 | 61.00 | 72.00 | OK | |
| r-oldrel-macos-arm64 | 1.6 | 6.00 | 25.00 | 31.00 | OK | |
| r-oldrel-macos-x86_64 | 1.6 | 10.00 | 48.00 | 58.00 | OK | |
| r-oldrel-windows-x86_64 | 1.6 | 15.00 | 74.00 | 89.00 | OK | 
Version: 1.6
Check: CRAN incoming feasibility
Result: NOTE
  Maintainer: ‘Riko Kelter <riko_k@gmx.de>’
  
  No Authors@R field in DESCRIPTION.
  Please add one, modifying
    Authors@R: person(given = "Riko",
                      family = "Kelter",
                      role = c("aut", "cre"),
                      email = "riko_k@gmx.de")
  as necessary.
  
  The Description field contains
    mixtures, see Kelter (2019) <arXiv:1906.07524>.
  Please refer to arXiv e-prints via their arXiv DOI <doi:10.48550/arXiv.YYMM.NNNNN>.
Flavors: r-devel-linux-x86_64-debian-clang, r-devel-linux-x86_64-debian-gcc