Last updated on 2025-02-21 17:50:36 CET.
Flavor | Version | Tinstall | Tcheck | Ttotal | Status | Flags |
---|---|---|---|---|---|---|
r-devel-linux-x86_64-debian-clang | 0.2.1 | 42.07 | 56.13 | 98.20 | NOTE | |
r-devel-linux-x86_64-debian-gcc | 0.2.1 | 29.33 | 38.76 | 68.09 | NOTE | |
r-devel-linux-x86_64-fedora-clang | 0.2.1 | 172.01 | NOTE | |||
r-devel-linux-x86_64-fedora-gcc | 0.2.1 | 156.37 | NOTE | |||
r-devel-macos-arm64 | 0.2.1 | 50.00 | OK | |||
r-devel-macos-x86_64 | 0.2.1 | 64.00 | NOTE | |||
r-devel-windows-x86_64 | 0.2.1 | 47.00 | 98.00 | 145.00 | NOTE | |
r-patched-linux-x86_64 | 0.2.1 | 39.14 | 51.21 | 90.35 | OK | |
r-release-linux-x86_64 | 0.2.1 | 35.43 | 51.77 | 87.20 | OK | |
r-release-macos-arm64 | 0.2.1 | 47.00 | NOTE | |||
r-release-macos-x86_64 | 0.2.1 | 81.00 | NOTE | |||
r-release-windows-x86_64 | 0.2.1 | 50.00 | 89.00 | 139.00 | NOTE | |
r-oldrel-macos-arm64 | 0.2.1 | 51.00 | NOTE | |||
r-oldrel-macos-x86_64 | 0.2.1 | 92.00 | NOTE | |||
r-oldrel-windows-x86_64 | 0.2.1 | 59.00 | 112.00 | 171.00 | NOTE |
Version: 0.2.1
Check: DESCRIPTION meta-information
Result: NOTE
Missing dependency on R >= 4.1.0 because package code uses the pipe
|> or function shorthand \(...) syntax added in R 4.1.0.
File(s) using such syntax:
‘bayes_colors.R’ ‘bayes_label.R’
Flavors: r-devel-linux-x86_64-debian-clang, r-devel-linux-x86_64-debian-gcc, r-devel-linux-x86_64-fedora-clang, r-devel-linux-x86_64-fedora-gcc, r-devel-macos-x86_64, r-devel-windows-x86_64
Version: 0.2.1
Check: installed package size
Result: NOTE
installed size is 6.4Mb
sub-directories of 1Mb or more:
extdata 4.1Mb
libs 2.2Mb
Flavors: r-release-macos-arm64, r-release-macos-x86_64, r-release-windows-x86_64, r-oldrel-macos-arm64, r-oldrel-macos-x86_64, r-oldrel-windows-x86_64