Last updated on 2025-11-04 11:52:25 CET.
| Flavor | Version | Tinstall | Tcheck | Ttotal | Status | Flags | 
|---|---|---|---|---|---|---|
| r-devel-linux-x86_64-debian-clang | 1.0 | 13.59 | 115.35 | 128.94 | OK | |
| r-devel-linux-x86_64-debian-gcc | 1.0 | 10.00 | 80.71 | 90.71 | OK | |
| r-devel-linux-x86_64-fedora-clang | 1.0 | 29.00 | 169.88 | 198.88 | NOTE | |
| r-devel-linux-x86_64-fedora-gcc | 1.0 | 29.00 | 168.28 | 197.28 | NOTE | |
| r-devel-windows-x86_64 | 1.0 | 16.00 | 109.00 | 125.00 | OK | |
| r-patched-linux-x86_64 | 1.0 | 10.97 | 105.03 | 116.00 | OK | |
| r-release-linux-x86_64 | 1.0 | 13.37 | 104.65 | 118.02 | OK | |
| r-release-macos-arm64 | 1.0 | 6.00 | 58.00 | 64.00 | OK | |
| r-release-macos-x86_64 | 1.0 | 13.00 | 94.00 | 107.00 | OK | |
| r-release-windows-x86_64 | 1.0 | 15.00 | 107.00 | 122.00 | OK | |
| r-oldrel-macos-arm64 | 1.0 | 5.00 | 51.00 | 56.00 | NOTE | |
| r-oldrel-macos-x86_64 | 1.0 | 8.00 | 80.00 | 88.00 | NOTE | |
| r-oldrel-windows-x86_64 | 1.0 | 20.00 | 141.00 | 161.00 | NOTE | 
Version: 1.0
Check: dependencies in R code
Result: NOTE
  Namespace in Imports field not imported from: ‘splines’
    All declared Imports should be used.
Flavors: r-devel-linux-x86_64-fedora-clang, r-devel-linux-x86_64-fedora-gcc
Version: 1.0
Check: LazyData
Result: NOTE
    'LazyData' is specified without a 'data' directory
Flavors: r-oldrel-macos-arm64, r-oldrel-macos-x86_64, r-oldrel-windows-x86_64