Last updated on 2025-11-04 05:51:05 CET.
| Flavor | Version | Tinstall | Tcheck | Ttotal | Status | Flags | 
|---|---|---|---|---|---|---|
| r-devel-linux-x86_64-debian-clang | 1.1 | 30.74 | 267.17 | 297.91 | NOTE | |
| r-devel-linux-x86_64-debian-gcc | 1.1 | 24.05 | 183.17 | 207.22 | NOTE | |
| r-devel-linux-x86_64-fedora-clang | 1.1 | 165.00 | 341.03 | 506.03 | OK | |
| r-devel-linux-x86_64-fedora-gcc | 1.1 | 69.00 | 385.83 | 454.83 | OK | |
| r-devel-windows-x86_64 | 1.1 | 31.00 | 242.00 | 273.00 | OK | |
| r-patched-linux-x86_64 | 1.1 | 33.49 | 257.78 | 291.27 | OK | |
| r-release-linux-x86_64 | 1.1 | 31.90 | 260.61 | 292.51 | OK | |
| r-release-macos-arm64 | 1.1 | 25.00 | 206.00 | 231.00 | OK | |
| r-release-macos-x86_64 | 1.1 | 34.00 | 266.00 | 300.00 | OK | |
| r-release-windows-x86_64 | 1.1 | 31.00 | 239.00 | 270.00 | OK | |
| r-oldrel-macos-arm64 | 1.1 | 15.00 | 107.00 | 122.00 | OK | |
| r-oldrel-macos-x86_64 | 1.1 | 35.00 | 162.00 | 197.00 | OK | |
| r-oldrel-windows-x86_64 | 1.1 | 41.00 | 321.00 | 362.00 | OK | 
Version: 1.1
Check: CRAN incoming feasibility
Result: NOTE
  Maintainer: ‘Roman Hornung <hornung@ibe.med.uni-muenchen.de>’
  
  No Authors@R field in DESCRIPTION.
  Please add one, modifying
    Authors@R: c(person(given = "Roman",
                        family = "Hornung",
                        role = c("aut", "cre"),
                        email = "hornung@ibe.med.uni-muenchen.de"),
                 person(given = "David",
                        family = "Causeur",
                        role = "aut"))
  as necessary.
  
  Package CITATION file contains call(s) to old-style citEntry().  Please
  use bibentry() instead.
Flavors: r-devel-linux-x86_64-debian-clang, r-devel-linux-x86_64-debian-gcc