Last updated on 2025-07-10 19:17:46 CEST.
Flavor | Version | Tinstall | Tcheck | Ttotal | Status | Flags |
---|---|---|---|---|---|---|
r-devel-linux-x86_64-debian-clang | 1.0-2 | 80.10 | 158.73 | 238.83 | OK | |
r-devel-linux-x86_64-debian-gcc | 1.0-2 | 54.74 | 139.45 | 194.19 | OK | |
r-devel-linux-x86_64-fedora-clang | 1.0-2 | 323.08 | OK | |||
r-devel-linux-x86_64-fedora-gcc | 1.0-2 | 306.18 | OK | |||
r-devel-windows-x86_64 | 1.0-2 | 83.00 | 110.00 | 193.00 | OK | |
r-patched-linux-x86_64 | 1.0-2 | 81.12 | 118.43 | 199.55 | OK | |
r-release-linux-x86_64 | 1.0-2 | 76.10 | 116.90 | 193.00 | OK | |
r-release-macos-arm64 | 1.0-2 | 140.00 | OK | |||
r-release-macos-x86_64 | 1.0-2 | 186.00 | OK | |||
r-release-windows-x86_64 | 1.0-2 | 84.00 | 115.00 | 199.00 | OK | |
r-oldrel-macos-arm64 | 1.0-2 | 112.00 | NOTE | |||
r-oldrel-macos-x86_64 | 1.0-2 | 177.00 | NOTE | |||
r-oldrel-windows-x86_64 | 1.0-2 | 101.00 | 130.00 | 231.00 | OK |
Version: 1.0-2
Check: installed package size
Result: NOTE
installed size is 5.3Mb
sub-directories of 1Mb or more:
libs 5.0Mb
Flavors: r-oldrel-macos-arm64, r-oldrel-macos-x86_64