CRAN Package Check Results for Package babelwhale

Last updated on 2025-07-16 07:49:00 CEST.

Flavor Version Tinstall Tcheck Ttotal Status Flags
r-devel-linux-x86_64-debian-clang 1.2.0 9.42 80.09 89.51 NOTE
r-devel-linux-x86_64-debian-gcc 1.2.0 7.21 59.44 66.65 NOTE
r-devel-linux-x86_64-fedora-clang 1.2.0 136.24 OK
r-devel-linux-x86_64-fedora-gcc 1.2.0 130.67 OK
r-devel-windows-x86_64 1.2.0 10.00 81.00 91.00 OK
r-patched-linux-x86_64 1.2.0 9.32 73.73 83.05 OK
r-release-linux-x86_64 1.2.0 9.05 72.44 81.49 OK
r-release-macos-arm64 1.2.0 40.00 OK
r-release-macos-x86_64 1.2.0 72.00 OK
r-release-windows-x86_64 1.2.0 11.00 90.00 101.00 OK
r-oldrel-macos-arm64 1.2.0 39.00 OK
r-oldrel-macos-x86_64 1.2.0 63.00 OK
r-oldrel-windows-x86_64 1.2.0 14.00 106.00 120.00 OK

Check Details

Version: 1.2.0
Check: DESCRIPTION meta-information
Result: NOTE Author field differs from that derived from Authors@R Author: ‘Robrecht Cannoodt [aut, cre] (<https://orcid.org/0000-0003-3641-729X>, rcannood), Wouter Saelens [aut] (<https://orcid.org/0000-0002-7114-6248>, zouter), Joel Nitta [aut] (<https://orcid.org/0000-0003-4719-7472>, joelnitta)’ Authors@R: ‘Robrecht Cannoodt [aut, cre] (ORCID: <https://orcid.org/0000-0003-3641-729X>, github: rcannood), Wouter Saelens [aut] (ORCID: <https://orcid.org/0000-0002-7114-6248>, github: zouter), Joel Nitta [aut] (ORCID: <https://orcid.org/0000-0003-4719-7472>, github: joelnitta)’ Flavors: r-devel-linux-x86_64-debian-clang, r-devel-linux-x86_64-debian-gcc

mirror server hosted at Truenetwork, Russian Federation.