Last updated on 2025-11-03 23:50:11 CET.
| Flavor | Version | Tinstall | Tcheck | Ttotal | Status | Flags | 
|---|---|---|---|---|---|---|
| r-devel-linux-x86_64-debian-clang | 2.1.6 | 14.80 | 191.37 | 206.17 | OK | |
| r-devel-linux-x86_64-debian-gcc | 2.1.6 | 11.66 | 135.73 | 147.39 | OK | |
| r-devel-linux-x86_64-fedora-clang | 2.1.6 | 37.00 | 282.71 | 319.71 | OK | |
| r-devel-linux-x86_64-fedora-gcc | 2.1.6 | 36.00 | 288.53 | 324.53 | OK | |
| r-devel-windows-x86_64 | 2.1.6 | 20.00 | 209.00 | 229.00 | OK | |
| r-patched-linux-x86_64 | 2.1.6 | 15.23 | 178.58 | 193.81 | OK | |
| r-release-linux-x86_64 | 2.1.6 | 15.68 | 179.33 | 195.01 | OK | |
| r-release-macos-arm64 | 2.1.6 | 7.00 | 88.00 | 95.00 | OK | |
| r-release-macos-x86_64 | 2.1.6 | 46.00 | 317.00 | 363.00 | OK | |
| r-release-windows-x86_64 | 2.1.6 | 19.00 | 205.00 | 224.00 | OK | |
| r-oldrel-macos-arm64 | 2.1.6 | 7.00 | 92.00 | 99.00 | NOTE | |
| r-oldrel-macos-x86_64 | 2.1.6 | 28.00 | 291.00 | 319.00 | NOTE | |
| r-oldrel-windows-x86_64 | 2.1.6 | 27.00 | 245.00 | 272.00 | NOTE | 
Version: 2.1.6
Check: installed package size
Result: NOTE
    installed size is  7.7Mb
    sub-directories of 1Mb or more:
      doc    4.3Mb
      help   2.2Mb
Flavors: r-oldrel-macos-arm64, r-oldrel-macos-x86_64, r-oldrel-windows-x86_64