Last updated on 2025-11-04 05:51:06 CET.
| Flavor | Version | Tinstall | Tcheck | Ttotal | Status | Flags | 
|---|---|---|---|---|---|---|
| r-devel-linux-x86_64-debian-clang | 0.4-4 | 11.64 | 64.85 | 76.49 | NOTE | |
| r-devel-linux-x86_64-debian-gcc | 0.4-4 | 6.74 | 43.66 | 50.40 | NOTE | |
| r-devel-linux-x86_64-fedora-clang | 0.4-4 | 48.00 | 72.62 | 120.62 | OK | |
| r-devel-linux-x86_64-fedora-gcc | 0.4-4 | 21.00 | 90.24 | 111.24 | OK | |
| r-devel-windows-x86_64 | 0.4-4 | 11.00 | 75.00 | 86.00 | OK | |
| r-patched-linux-x86_64 | 0.4-4 | 9.43 | 62.49 | 71.92 | OK | |
| r-release-linux-x86_64 | 0.4-4 | 10.34 | 61.49 | 71.83 | OK | |
| r-release-macos-arm64 | 0.4-4 | 4.00 | 27.00 | 31.00 | OK | |
| r-release-macos-x86_64 | 0.4-4 | 9.00 | 59.00 | 68.00 | OK | |
| r-release-windows-x86_64 | 0.4-4 | 11.00 | 73.00 | 84.00 | OK | |
| r-oldrel-macos-arm64 | 0.4-4 | 4.00 | 25.00 | 29.00 | OK | |
| r-oldrel-macos-x86_64 | 0.4-4 | 7.00 | 39.00 | 46.00 | OK | |
| r-oldrel-windows-x86_64 | 0.4-4 | 16.00 | 88.00 | 104.00 | OK | 
Version: 0.4-4
Check: CRAN incoming feasibility
Result: NOTE
  Maintainer: ‘Christian Graul <christian.graul@gmail.com>’
  
  No Authors@R field in DESCRIPTION.
  Please add one, modifying
    Authors@R: c(person(given = "Christian",
                        family = "Graul",
                        role = c("aut", "cre"),
                        email = "christian.graul@gmail.com"),
                 person(given = "Carsten",
                        family = "Poppinga",
                        role = "aut"))
  as necessary.
Flavors: r-devel-linux-x86_64-debian-clang, r-devel-linux-x86_64-debian-gcc