Last updated on 2025-11-03 23:50:11 CET.
| Flavor | Version | Tinstall | Tcheck | Ttotal | Status | Flags | 
|---|---|---|---|---|---|---|
| r-devel-linux-x86_64-debian-clang | 0.1.5 | 2.89 | 32.79 | 35.68 | NOTE | |
| r-devel-linux-x86_64-debian-gcc | 0.1.5 | 1.92 | 25.30 | 27.22 | NOTE | |
| r-devel-linux-x86_64-fedora-clang | 0.1.5 | 25.00 | 29.51 | 54.51 | OK | |
| r-devel-linux-x86_64-fedora-gcc | 0.1.5 | 50.46 | OK | |||
| r-devel-windows-x86_64 | 0.1.5 | 8.00 | 67.00 | 75.00 | OK | |
| r-patched-linux-x86_64 | 0.1.5 | 3.24 | 30.19 | 33.43 | OK | |
| r-release-linux-x86_64 | 0.1.5 | 3.10 | 30.24 | 33.34 | OK | |
| r-release-macos-arm64 | 0.1.5 | 5.00 | 35.00 | 40.00 | OK | |
| r-release-macos-x86_64 | 0.1.5 | 5.00 | 40.00 | 45.00 | OK | |
| r-release-windows-x86_64 | 0.1.5 | 6.00 | 64.00 | 70.00 | OK | |
| r-oldrel-macos-arm64 | 0.1.5 | 3.00 | 18.00 | 21.00 | OK | |
| r-oldrel-macos-x86_64 | 0.1.5 | 3.00 | 30.00 | 33.00 | OK | |
| r-oldrel-windows-x86_64 | 0.1.5 | 7.00 | 72.00 | 79.00 | OK | 
Version: 0.1.5
Check: CRAN incoming feasibility
Result: NOTE
  Maintainer: ‘Antoine Sachet <antoine.sac@gmail.com>’
  
  Package CITATION file contains call(s) to old-style personList() or
  as.personList().  Please use c() on person objects instead.
  Package CITATION file contains call(s) to old-style citEntry().  Please
  use bibentry() instead.
Flavors: r-devel-linux-x86_64-debian-clang, r-devel-linux-x86_64-debian-gcc