Last updated on 2025-11-04 11:52:25 CET.
| Flavor | Version | Tinstall | Tcheck | Ttotal | Status | Flags | 
|---|---|---|---|---|---|---|
| r-devel-linux-x86_64-debian-clang | 0.2.0 | 2.18 | 25.00 | 27.18 | OK | |
| r-devel-linux-x86_64-debian-gcc | 0.2.0 | 1.75 | 20.88 | 22.63 | OK | |
| r-devel-linux-x86_64-fedora-clang | 0.2.0 | 12.00 | 28.65 | 40.65 | OK | |
| r-devel-linux-x86_64-fedora-gcc | 0.2.0 | 36.29 | OK | |||
| r-devel-windows-x86_64 | 0.2.0 | 8.00 | 63.00 | 71.00 | OK | |
| r-patched-linux-x86_64 | 0.2.0 | 2.37 | 22.65 | 25.02 | OK | |
| r-release-linux-x86_64 | 0.2.0 | 2.18 | 22.47 | 24.65 | OK | |
| r-release-macos-arm64 | 0.2.0 | 3.00 | 33.00 | 36.00 | OK | |
| r-release-macos-x86_64 | 0.2.0 | 4.00 | 34.00 | 38.00 | OK | |
| r-release-windows-x86_64 | 0.2.0 | 6.00 | 60.00 | 66.00 | OK | |
| r-oldrel-macos-arm64 | 0.2.0 | 1.00 | 17.00 | 18.00 | NOTE | |
| r-oldrel-macos-x86_64 | 0.2.0 | 2.00 | 23.00 | 25.00 | NOTE | |
| r-oldrel-windows-x86_64 | 0.2.0 | 7.00 | 65.00 | 72.00 | NOTE | 
Version: 0.2.0
Check: LazyData
Result: NOTE
    'LazyData' is specified without a 'data' directory
Flavors: r-oldrel-macos-arm64, r-oldrel-macos-x86_64, r-oldrel-windows-x86_64