Last updated on 2025-11-04 11:52:25 CET.
| Flavor | Version | Tinstall | Tcheck | Ttotal | Status | Flags | 
|---|---|---|---|---|---|---|
| r-devel-linux-x86_64-debian-clang | 0.0.1 | 19.78 | 39.38 | 59.16 | OK | |
| r-devel-linux-x86_64-debian-gcc | 0.0.1 | 16.30 | 31.72 | 48.02 | OK | |
| r-devel-linux-x86_64-fedora-clang | 0.0.1 | 105.00 | -12.37 | 92.63 | OK | |
| r-devel-linux-x86_64-fedora-gcc | 0.0.1 | 42.00 | 57.68 | 99.68 | OK | |
| r-devel-windows-x86_64 | 0.0.1 | 21.00 | 54.00 | 75.00 | OK | |
| r-patched-linux-x86_64 | 0.0.1 | 17.15 | 35.54 | 52.69 | OK | |
| r-release-linux-x86_64 | 0.0.1 | 18.03 | 36.97 | 55.00 | OK | |
| r-release-macos-arm64 | 0.0.1 | 15.00 | 88.00 | 103.00 | OK | |
| r-release-macos-x86_64 | 0.0.1 | 25.00 | 135.00 | 160.00 | OK | |
| r-release-windows-x86_64 | 0.0.1 | 19.00 | 52.00 | 71.00 | OK | |
| r-oldrel-macos-arm64 | 0.0.1 | 14.00 | 77.00 | 91.00 | NOTE | |
| r-oldrel-macos-x86_64 | 0.0.1 | 19.00 | 58.00 | 77.00 | NOTE | |
| r-oldrel-windows-x86_64 | 0.0.1 | 22.00 | 63.00 | 85.00 | OK | 
Version: 0.0.1
Check: installed package size
Result: NOTE
    installed size is  5.6Mb
    sub-directories of 1Mb or more:
      data   4.1Mb
      help   1.0Mb
Flavors: r-oldrel-macos-arm64, r-oldrel-macos-x86_64