CRAN Package Check Results for Package automagic

Last updated on 2025-07-12 06:48:17 CEST.

Flavor Version Tinstall Tcheck Ttotal Status Flags
r-devel-linux-x86_64-debian-clang 0.5.1 1.84 20.34 22.18 OK
r-devel-linux-x86_64-debian-gcc 0.5.1 1.40 16.48 17.88 OK
r-devel-linux-x86_64-fedora-clang 0.5.1 33.81 OK
r-devel-linux-x86_64-fedora-gcc 0.5.1 32.64 OK
r-devel-windows-x86_64 0.5.1 3.00 42.00 45.00 OK
r-patched-linux-x86_64 0.5.1 1.43 18.99 20.42 OK
r-release-linux-x86_64 0.5.1 1.86 19.17 21.03 OK
r-release-macos-arm64 0.5.1 18.00 OK
r-release-macos-x86_64 0.5.1 24.00 OK
r-release-windows-x86_64 0.5.1 4.00 42.00 46.00 OK
r-oldrel-macos-arm64 0.5.1 15.00 NOTE
r-oldrel-macos-x86_64 0.5.1 21.00 NOTE
r-oldrel-windows-x86_64 0.5.1 4.00 45.00 49.00 NOTE

Check Details

Version: 0.5.1
Check: LazyData
Result: NOTE 'LazyData' is specified without a 'data' directory Flavors: r-oldrel-macos-arm64, r-oldrel-macos-x86_64, r-oldrel-windows-x86_64

mirror server hosted at Truenetwork, Russian Federation.