Last updated on 2025-11-04 11:52:25 CET.
| Flavor | Version | Tinstall | Tcheck | Ttotal | Status | Flags | 
|---|---|---|---|---|---|---|
| r-devel-linux-x86_64-debian-clang | 2.2.3 | 4.40 | 133.74 | 138.14 | NOTE | |
| r-devel-linux-x86_64-debian-gcc | 2.2.3 | 3.30 | 99.89 | 103.19 | NOTE | |
| r-devel-linux-x86_64-fedora-clang | 2.2.3 | 20.00 | 196.86 | 216.86 | OK | |
| r-devel-linux-x86_64-fedora-gcc | 2.2.3 | 214.74 | OK | |||
| r-devel-windows-x86_64 | 2.2.3 | 6.00 | 236.00 | 242.00 | OK | |
| r-patched-linux-x86_64 | 2.2.3 | 5.37 | 129.00 | 134.37 | OK | |
| r-release-linux-x86_64 | 2.2.3 | 3.97 | 129.06 | 133.03 | OK | |
| r-release-macos-arm64 | 2.2.3 | 2.00 | 93.00 | 95.00 | OK | |
| r-release-macos-x86_64 | 2.2.3 | 3.00 | 131.00 | 134.00 | OK | |
| r-release-windows-x86_64 | 2.2.3 | 6.00 | 233.00 | 239.00 | OK | |
| r-oldrel-macos-arm64 | 2.2.3 | 2.00 | 58.00 | 60.00 | OK | |
| r-oldrel-macos-x86_64 | 2.2.3 | 3.00 | 99.00 | 102.00 | OK | |
| r-oldrel-windows-x86_64 | 2.2.3 | 8.00 | 271.00 | 279.00 | OK | 
Version: 2.2.3
Check: CRAN incoming feasibility
Result: NOTE
  Maintainer: ‘Joshua French <joshua.french@ucdenver.edu>’
  
  No Authors@R field in DESCRIPTION.
  Please add one, modifying
    Authors@R: person(given = "Joshua",
                      family = "French",
                      role = c("aut", "cre"),
                      email = "joshua.french@ucdenver.edu")
  as necessary.
  
  Package CITATION file contains call(s) to old-style citEntry().  Please
  use bibentry() instead.
Flavors: r-devel-linux-x86_64-debian-clang, r-devel-linux-x86_64-debian-gcc