Last updated on 2025-11-04 11:52:25 CET.
| Flavor | Version | Tinstall | Tcheck | Ttotal | Status | Flags | 
|---|---|---|---|---|---|---|
| r-devel-linux-x86_64-debian-clang | 3.7.4 | 38.54 | 39.80 | 78.34 | NOTE | |
| r-devel-linux-x86_64-debian-gcc | 3.7.4 | 28.10 | 30.09 | 58.19 | NOTE | |
| r-devel-linux-x86_64-fedora-clang | 3.7.4 | 219.00 | -60.72 | 158.28 | OK | |
| r-devel-linux-x86_64-fedora-gcc | 3.7.4 | 90.00 | 47.23 | 137.23 | OK | |
| r-devel-windows-x86_64 | 3.7.4 | 44.00 | 76.00 | 120.00 | OK | |
| r-patched-linux-x86_64 | 3.7.4 | 41.05 | 37.71 | 78.76 | OK | |
| r-release-linux-x86_64 | 3.7.4 | 39.35 | 38.02 | 77.37 | OK | |
| r-release-macos-arm64 | 3.7.4 | 15.00 | 21.00 | 36.00 | OK | |
| r-release-macos-x86_64 | 3.7.4 | 15.00 | 38.00 | 53.00 | OK | |
| r-release-windows-x86_64 | 3.7.4 | 44.00 | 74.00 | 118.00 | OK | |
| r-oldrel-macos-arm64 | 3.7.4 | 13.00 | 25.00 | 38.00 | OK | |
| r-oldrel-macos-x86_64 | 3.7.4 | 15.00 | 30.00 | 45.00 | OK | |
| r-oldrel-windows-x86_64 | 3.7.4 | 46.00 | 89.00 | 135.00 | OK | 
Version: 3.7.4
Check: CRAN incoming feasibility
Result: NOTE
  Maintainer: ‘Qihuang Zhang <qihuang.zhang@uwaterloo.ca>’
  
  No Authors@R field in DESCRIPTION.
  Please add one, modifying
    Authors@R: c(person(given = "Qihuang",
                        family = "Zhang",
                        role = c("aut", "cre"),
                        email = "qihuang.zhang@uwaterloo.ca"),
                 person(given = c("Grace", "Y."),
                        family = "Yi",
                        role = "aut",
                        email = "yyi@uwaterloo.ca"))
  as necessary.
Flavors: r-devel-linux-x86_64-debian-clang, r-devel-linux-x86_64-debian-gcc