Last updated on 2025-05-29 00:48:15 CEST.
Flavor | Version | Tinstall | Tcheck | Ttotal | Status | Flags |
---|---|---|---|---|---|---|
r-devel-linux-x86_64-debian-clang | 0.9.8.1 | 36.73 | 220.06 | 256.79 | NOTE | |
r-devel-linux-x86_64-debian-gcc | 0.9.8.1 | 26.13 | 136.23 | 162.36 | NOTE | |
r-devel-linux-x86_64-fedora-clang | 0.9.8.1 | 409.70 | NOTE | |||
r-devel-linux-x86_64-fedora-gcc | 0.9.8.1 | 417.56 | NOTE | |||
r-devel-windows-x86_64 | 0.9.8.1 | 42.00 | 184.00 | 226.00 | NOTE | |
r-patched-linux-x86_64 | 0.9.8.1 | 40.01 | 205.28 | 245.29 | NOTE | |
r-release-linux-x86_64 | 0.9.8.1 | 36.79 | 206.31 | 243.10 | NOTE | |
r-release-macos-arm64 | 0.9.8.1 | 129.00 | NOTE | |||
r-release-macos-x86_64 | 0.9.8.1 | 174.00 | NOTE | |||
r-release-windows-x86_64 | 0.9.8.1 | 40.00 | 186.00 | 226.00 | NOTE | |
r-oldrel-macos-arm64 | 0.9.8.1 | 87.00 | NOTE | |||
r-oldrel-macos-x86_64 | 0.9.8.1 | 142.00 | NOTE | |||
r-oldrel-windows-x86_64 | 0.9.8.1 | 53.00 | 253.00 | 306.00 | NOTE |
Version: 0.9.8.1
Check: Rd files
Result: NOTE
checkRd: (-1) ataCoKriging.Rd:52: Lost braces; missing escapes or markup?
52 | only one contrained condition for all points and all variables, \\sum_{i=1}^n\\lambda_i +\\sum_{j=1}^m\\beta_j =1, assuming expected means of variables known and constant with the study area.
| ^
checkRd: (-1) ataCoKriging.Rd:52: Lost braces; missing escapes or markup?
52 | only one contrained condition for all points and all variables, \\sum_{i=1}^n\\lambda_i +\\sum_{j=1}^m\\beta_j =1, assuming expected means of variables known and constant with the study area.
| ^
Flavors: r-devel-linux-x86_64-debian-clang, r-devel-linux-x86_64-debian-gcc, r-devel-linux-x86_64-fedora-clang, r-devel-linux-x86_64-fedora-gcc, r-devel-windows-x86_64, r-patched-linux-x86_64, r-release-linux-x86_64, r-release-macos-arm64, r-release-macos-x86_64, r-release-windows-x86_64, r-oldrel-macos-arm64, r-oldrel-macos-x86_64, r-oldrel-windows-x86_64
Version: 0.9.8.1
Check: for unstated dependencies in ‘demo’
Result: NOTE
'library' or 'require' call not declared from: ‘sp’
Flavors: r-devel-linux-x86_64-debian-clang, r-devel-linux-x86_64-debian-gcc, r-patched-linux-x86_64, r-release-linux-x86_64