Last updated on 2025-11-03 23:50:11 CET.
| Flavor | Version | Tinstall | Tcheck | Ttotal | Status | Flags | 
|---|---|---|---|---|---|---|
| r-devel-linux-x86_64-debian-clang | 0.1.1 | 232.81 | 30.98 | 263.79 | OK | |
| r-devel-linux-x86_64-debian-gcc | 0.1.1 | 191.61 | 24.58 | 216.19 | OK | |
| r-devel-linux-x86_64-fedora-clang | 0.1.1 | 471.00 | -25.87 | 445.13 | OK | |
| r-devel-linux-x86_64-fedora-gcc | 0.1.1 | 242.00 | 183.85 | 425.85 | OK | |
| r-devel-windows-x86_64 | 0.1.1 | 209.00 | 71.00 | 280.00 | OK | |
| r-patched-linux-x86_64 | 0.1.1 | 236.35 | 28.21 | 264.56 | OK | |
| r-release-linux-x86_64 | 0.1.1 | 243.00 | 28.24 | 271.24 | OK | |
| r-release-macos-arm64 | 0.1.1 | 89.00 | 24.00 | 113.00 | OK | |
| r-release-macos-x86_64 | 0.1.1 | 160.00 | 44.00 | 204.00 | OK | |
| r-release-windows-x86_64 | 0.1.1 | 209.00 | 67.00 | 276.00 | OK | |
| r-oldrel-macos-arm64 | 0.1.1 | 84.00 | 26.00 | 110.00 | NOTE | |
| r-oldrel-macos-x86_64 | 0.1.1 | 134.00 | 47.00 | 181.00 | NOTE | |
| r-oldrel-windows-x86_64 | 0.1.1 | 247.00 | 80.00 | 327.00 | OK | 
Version: 0.1.1
Check: installed package size
Result: NOTE
    installed size is  5.0Mb
    sub-directories of 1Mb or more:
      libs   4.8Mb
Flavors: r-oldrel-macos-arm64, r-oldrel-macos-x86_64