Last updated on 2025-11-04 05:51:05 CET.
| Flavor | Version | Tinstall | Tcheck | Ttotal | Status | Flags | 
|---|---|---|---|---|---|---|
| r-devel-linux-x86_64-debian-clang | 3.3.2 | 28.52 | 172.48 | 201.00 | OK | |
| r-devel-linux-x86_64-debian-gcc | 3.3.2 | 17.57 | 111.24 | 128.81 | OK | |
| r-devel-linux-x86_64-fedora-clang | 3.3.2 | 136.00 | 205.32 | 341.32 | OK | |
| r-devel-linux-x86_64-fedora-gcc | 3.3.2 | 57.00 | 238.00 | 295.00 | OK | |
| r-devel-windows-x86_64 | 3.3.2 | 36.00 | 184.00 | 220.00 | OK | |
| r-patched-linux-x86_64 | 3.3.2 | 29.55 | 163.81 | 193.36 | OK | |
| r-release-linux-x86_64 | 3.3.2 | 25.32 | 165.61 | 190.93 | OK | |
| r-release-macos-arm64 | 3.3.2 | 15.00 | 78.00 | 93.00 | OK | |
| r-release-macos-x86_64 | 3.3.2 | 27.00 | 150.00 | 177.00 | OK | |
| r-release-windows-x86_64 | 3.3.2 | 32.00 | 182.00 | 214.00 | OK | |
| r-oldrel-macos-arm64 | 3.3.2 | 14.00 | 72.00 | 86.00 | NOTE | |
| r-oldrel-macos-x86_64 | 3.3.2 | 27.00 | 181.00 | 208.00 | NOTE | |
| r-oldrel-windows-x86_64 | 3.3.2 | 37.00 | 232.00 | 269.00 | NOTE | 
Version: 3.3.2
Check: package dependencies
Result: NOTE
  Packages suggested but not available for checking:
    'sfit', 'expectile', 'HaarSeg', 'mpcbs'
Flavors: r-oldrel-macos-arm64, r-oldrel-macos-x86_64, r-oldrel-windows-x86_64