Last updated on 2025-11-04 05:51:05 CET.
| Flavor | Version | Tinstall | Tcheck | Ttotal | Status | Flags | 
|---|---|---|---|---|---|---|
| r-devel-linux-x86_64-debian-clang | 3.2.3 | 52.24 | 284.87 | 337.11 | OK | |
| r-devel-linux-x86_64-debian-gcc | 3.2.3 | 32.27 | 177.29 | 209.56 | OK | |
| r-devel-linux-x86_64-fedora-clang | 3.2.3 | 259.00 | 332.00 | 591.00 | OK | |
| r-devel-linux-x86_64-fedora-gcc | 3.2.3 | 106.00 | 405.25 | 511.25 | OK | |
| r-devel-windows-x86_64 | 3.2.3 | 61.00 | 293.00 | 354.00 | OK | |
| r-patched-linux-x86_64 | 3.2.3 | 58.96 | 268.96 | 327.92 | OK | |
| r-release-linux-x86_64 | 3.2.3 | 51.13 | 267.49 | 318.62 | OK | |
| r-release-macos-arm64 | 3.2.3 | 21.00 | 96.00 | 117.00 | OK | |
| r-release-macos-x86_64 | 3.2.3 | 51.00 | 219.00 | 270.00 | OK | |
| r-release-windows-x86_64 | 3.2.3 | 56.00 | 288.00 | 344.00 | OK | |
| r-oldrel-macos-arm64 | 3.2.3 | 24.00 | 102.00 | 126.00 | NOTE | |
| r-oldrel-macos-x86_64 | 3.2.3 | 57.00 | 221.00 | 278.00 | NOTE | |
| r-oldrel-windows-x86_64 | 3.2.3 | 76.00 | 362.00 | 438.00 | NOTE | 
Version: 3.2.3
Check: package dependencies
Result: NOTE
  Package suggested but not available for checking: ‘AffymetrixDataTestFiles’
Flavors: r-oldrel-macos-arm64, r-oldrel-macos-x86_64
Version: 3.2.3
Check: installed package size
Result: NOTE
    installed size is  6.2Mb
    sub-directories of 1Mb or more:
      R             3.1Mb
      help          1.1Mb
      testScripts   1.1Mb
Flavors: r-oldrel-macos-arm64, r-oldrel-macos-x86_64, r-oldrel-windows-x86_64