Last updated on 2025-07-13 00:48:19 CEST.
Flavor | Version | Tinstall | Tcheck | Ttotal | Status | Flags |
---|---|---|---|---|---|---|
r-devel-linux-x86_64-debian-clang | 1.1.6 | 3.08 | 68.57 | 71.65 | NOTE | |
r-devel-linux-x86_64-debian-gcc | 1.1.6 | 2.31 | 49.24 | 51.55 | NOTE | |
r-devel-linux-x86_64-fedora-clang | 1.1.6 | 110.16 | OK | |||
r-devel-linux-x86_64-fedora-gcc | 1.1.6 | 122.44 | OK | |||
r-devel-windows-x86_64 | 1.1.6 | 4.00 | 86.00 | 90.00 | OK | |
r-patched-linux-x86_64 | 1.1.6 | 3.29 | 64.05 | 67.34 | OK | |
r-release-linux-x86_64 | 1.1.6 | 2.94 | 62.94 | 65.88 | OK | |
r-release-macos-arm64 | 1.1.6 | 48.00 | OK | |||
r-release-macos-x86_64 | 1.1.6 | 76.00 | OK | |||
r-release-windows-x86_64 | 1.1.6 | 4.00 | 88.00 | 92.00 | OK | |
r-oldrel-macos-arm64 | 1.1.6 | 41.00 | OK | |||
r-oldrel-macos-x86_64 | 1.1.6 | 67.00 | OK | |||
r-oldrel-windows-x86_64 | 1.1.6 | 5.00 | 105.00 | 110.00 | OK |
Version: 1.1.6
Check: CRAN incoming feasibility
Result: NOTE
Maintainer: ‘Marta Karas <marta.karass@gmail.com>’
Package CITATION file contains call(s) to old-style citEntry(). Please
use bibentry() instead.
Flavors: r-devel-linux-x86_64-debian-clang, r-devel-linux-x86_64-debian-gcc