CRAN Package Check Results for Package arctools

Last updated on 2025-11-04 11:52:24 CET.

Flavor Version Tinstall Tcheck Ttotal Status Flags
r-devel-linux-x86_64-debian-clang 1.1.6 3.13 69.12 72.25 NOTE
r-devel-linux-x86_64-debian-gcc 1.1.6 2.44 50.63 53.07 NOTE
r-devel-linux-x86_64-fedora-clang 1.1.6 112.60 OK
r-devel-linux-x86_64-fedora-gcc 1.1.6 124.04 OK
r-devel-windows-x86_64 1.1.6 5.00 88.00 93.00 OK
r-patched-linux-x86_64 1.1.6 2.84 65.65 68.49 OK
r-release-linux-x86_64 1.1.6 2.53 64.88 67.41 OK
r-release-macos-arm64 1.1.6 2.00 46.00 48.00 OK
r-release-macos-x86_64 1.1.6 2.00 74.00 76.00 OK
r-release-windows-x86_64 1.1.6 4.00 91.00 95.00 OK
r-oldrel-macos-arm64 1.1.6 2.00 39.00 41.00 OK
r-oldrel-macos-x86_64 1.1.6 2.00 65.00 67.00 OK
r-oldrel-windows-x86_64 1.1.6 6.00 106.00 112.00 OK

Check Details

Version: 1.1.6
Check: CRAN incoming feasibility
Result: NOTE Maintainer: ‘Marta Karas <marta.karass@gmail.com>’ Package CITATION file contains call(s) to old-style citEntry(). Please use bibentry() instead. Flavors: r-devel-linux-x86_64-debian-clang, r-devel-linux-x86_64-debian-gcc

mirror server hosted at Truenetwork, Russian Federation.