Last updated on 2025-07-21 06:49:20 CEST.
Flavor | Version | Tinstall | Tcheck | Ttotal | Status | Flags |
---|---|---|---|---|---|---|
r-devel-linux-x86_64-debian-clang | 1.3 | 2.59 | 21.05 | 23.64 | NOTE | |
r-devel-linux-x86_64-debian-gcc | 1.3 | 1.81 | 16.77 | 18.58 | NOTE | |
r-devel-linux-x86_64-fedora-clang | 1.3 | 36.47 | OK | |||
r-devel-linux-x86_64-fedora-gcc | 1.3 | 34.43 | OK | |||
r-devel-windows-x86_64 | 1.3 | 4.00 | 40.00 | 44.00 | OK | |
r-patched-linux-x86_64 | 1.3 | 2.39 | 19.82 | 22.21 | OK | |
r-release-linux-x86_64 | 1.3 | 2.46 | 19.82 | 22.28 | OK | |
r-release-macos-arm64 | 1.3 | 16.00 | OK | |||
r-release-macos-x86_64 | 1.3 | 25.00 | OK | |||
r-release-windows-x86_64 | 1.3 | 4.00 | 44.00 | 48.00 | OK | |
r-oldrel-macos-arm64 | 1.3 | 22.00 | OK | |||
r-oldrel-macos-x86_64 | 1.3 | 26.00 | OK | |||
r-oldrel-windows-x86_64 | 1.3 | 4.00 | 40.00 | 44.00 | OK |
Version: 1.3
Check: CRAN incoming feasibility
Result: NOTE
Maintainer: ‘Rich Nielsen <rnielsen@mit.edu>’
No Authors@R field in DESCRIPTION.
Please add one, modifying
Authors@R: person(given = "Rich",
family = "Nielsen",
role = c("aut", "cre"),
email = "rnielsen@mit.edu")
as necessary.
Flavors: r-devel-linux-x86_64-debian-clang, r-devel-linux-x86_64-debian-gcc