Last updated on 2025-11-04 05:51:04 CET.
| Flavor | Version | Tinstall | Tcheck | Ttotal | Status | Flags | 
|---|---|---|---|---|---|---|
| r-devel-linux-x86_64-debian-clang | 1.0.5 | 1.55 | 309.52 | 311.07 | OK | |
| r-devel-linux-x86_64-debian-gcc | 1.0.5 | 1.53 | 225.60 | 227.13 | OK | |
| r-devel-linux-x86_64-fedora-clang | 1.0.5 | 497.82 | NOTE | |||
| r-devel-linux-x86_64-fedora-gcc | 1.0.5 | 150.76 | NOTE | |||
| r-devel-windows-x86_64 | 1.0.5 | 4.00 | 80.00 | 84.00 | OK | |
| r-patched-linux-x86_64 | 1.0.5 | 1.80 | 328.31 | 330.11 | OK | |
| r-release-linux-x86_64 | 1.0.5 | 1.95 | 300.48 | 302.43 | OK | |
| r-release-macos-arm64 | 1.0.5 | 1.00 | 54.00 | 55.00 | OK | |
| r-release-macos-x86_64 | 1.0.5 | 1.00 | 78.00 | 79.00 | OK | |
| r-release-windows-x86_64 | 1.0.5 | 4.00 | 71.00 | 75.00 | OK | |
| r-oldrel-macos-arm64 | 1.0.5 | 1.00 | 86.00 | 87.00 | NOTE | |
| r-oldrel-macos-x86_64 | 1.0.5 | 1.00 | 116.00 | 117.00 | NOTE | |
| r-oldrel-windows-x86_64 | 1.0.5 | 5.00 | 88.00 | 93.00 | NOTE | 
Version: 1.0.5
Check: dependencies in R code
Result: NOTE
  Namespaces in Imports field not imported from:
    ‘curl’ ‘httr’
    All declared Imports should be used.
Flavors: r-devel-linux-x86_64-fedora-clang, r-devel-linux-x86_64-fedora-gcc
Version: 1.0.5
Check: LazyData
Result: NOTE
    'LazyData' is specified without a 'data' directory
Flavors: r-oldrel-macos-arm64, r-oldrel-macos-x86_64, r-oldrel-windows-x86_64