CRAN Package Check Results for Package annotator

Last updated on 2025-05-22 06:51:39 CEST.

Flavor Version Tinstall Tcheck Ttotal Status Flags
r-devel-linux-x86_64-debian-clang 0.0.3.1 2.86 32.76 35.62 NOTE
r-devel-linux-x86_64-debian-gcc 0.0.3.1 2.44 25.58 28.02 NOTE
r-devel-linux-x86_64-fedora-clang 0.0.3.1 53.90 NOTE
r-devel-linux-x86_64-fedora-gcc 0.0.3.1 51.34 NOTE
r-devel-windows-x86_64 0.0.3.1 7.00 69.00 76.00 NOTE
r-patched-linux-x86_64 0.0.3.1 2.63 31.04 33.67 NOTE
r-release-linux-x86_64 0.0.3.1 3.45 30.42 33.87 NOTE
r-release-macos-arm64 0.0.3.1 26.00 NOTE
r-release-macos-x86_64 0.0.3.1 52.00 NOTE
r-release-windows-x86_64 0.0.3.1 6.00 52.00 58.00 NOTE
r-oldrel-macos-arm64 0.0.3.1 23.00 OK
r-oldrel-macos-x86_64 0.0.3.1 35.00 OK
r-oldrel-windows-x86_64 0.0.3.1 7.00 60.00 67.00 OK

Check Details

Version: 0.0.3.1
Check: DESCRIPTION meta-information
Result: NOTE Missing dependency on R >= 4.1.0 because package code uses the pipe |> or function shorthand \(...) syntax added in R 4.1.0. File(s) using such syntax: ‘utils.R’ Flavors: r-devel-linux-x86_64-debian-clang, r-devel-linux-x86_64-debian-gcc, r-devel-linux-x86_64-fedora-clang, r-devel-linux-x86_64-fedora-gcc, r-devel-windows-x86_64, r-patched-linux-x86_64, r-release-linux-x86_64, r-release-macos-arm64, r-release-macos-x86_64, r-release-windows-x86_64

Version: 0.0.3.1
Check: Rd cross-references
Result: NOTE Found the following Rd file(s) with Rd \link{} targets missing package anchors: annotate.Rd: htmlwidgets Please provide package anchors for all Rd \link{} targets not in the package itself and the base packages. Flavors: r-devel-linux-x86_64-debian-clang, r-devel-linux-x86_64-debian-gcc, r-devel-windows-x86_64, r-patched-linux-x86_64, r-release-linux-x86_64, r-release-windows-x86_64

mirror server hosted at Truenetwork, Russian Federation.