Last updated on 2025-05-29 00:48:15 CEST.
Flavor | Version | Tinstall | Tcheck | Ttotal | Status | Flags |
---|---|---|---|---|---|---|
r-devel-linux-x86_64-debian-clang | 0.0.1 | 32.59 | 270.53 | 303.12 | NOTE | |
r-devel-linux-x86_64-debian-gcc | 0.0.1 | 18.59 | 166.22 | 184.81 | NOTE | |
r-devel-linux-x86_64-fedora-clang | 0.0.1 | 466.90 | OK | |||
r-devel-linux-x86_64-fedora-gcc | 0.0.1 | 464.24 | OK | |||
r-devel-windows-x86_64 | 0.0.1 | 27.00 | 202.00 | 229.00 | OK | |
r-patched-linux-x86_64 | 0.0.1 | 30.44 | 252.84 | 283.28 | OK | |
r-release-linux-x86_64 | 0.0.1 | 29.09 | 249.42 | 278.51 | OK | |
r-release-macos-arm64 | 0.0.1 | 105.00 | OK | |||
r-release-macos-x86_64 | 0.0.1 | 214.00 | OK | |||
r-release-windows-x86_64 | 0.0.1 | 29.00 | 201.00 | 230.00 | OK | |
r-oldrel-macos-arm64 | 0.0.1 | 98.00 | OK | |||
r-oldrel-macos-x86_64 | 0.0.1 | 186.00 | OK | |||
r-oldrel-windows-x86_64 | 0.0.1 | 37.00 | 288.00 | 325.00 | OK |
Version: 0.0.1
Check: CRAN incoming feasibility
Result: NOTE
Maintainer: ‘Michael D. Sumner <mdsumner@gmail.com>’
Found the following (possibly) invalid file URI:
URI: CONDUCT.md
From: README.md
Flavors: r-devel-linux-x86_64-debian-clang, r-devel-linux-x86_64-debian-gcc