Last updated on 2025-05-28 00:48:55 CEST.
Flavor | Version | Tinstall | Tcheck | Ttotal | Status | Flags |
---|---|---|---|---|---|---|
r-devel-linux-x86_64-debian-clang | 0.1.3 | 2.91 | 32.21 | 35.12 | NOTE | |
r-devel-linux-x86_64-debian-gcc | 0.1.3 | 1.99 | 26.03 | 28.02 | NOTE | |
r-devel-linux-x86_64-fedora-clang | 0.1.3 | 51.54 | OK | |||
r-devel-linux-x86_64-fedora-gcc | 0.1.3 | 65.89 | OK | |||
r-devel-windows-x86_64 | 0.1.3 | 5.00 | 52.00 | 57.00 | OK | |
r-patched-linux-x86_64 | 0.1.3 | 2.60 | 29.74 | 32.34 | NOTE | |
r-release-linux-x86_64 | 0.1.3 | 1.76 | 29.84 | 31.60 | NOTE | |
r-release-macos-arm64 | 0.1.3 | 36.00 | OK | |||
r-release-macos-x86_64 | 0.1.3 | 53.00 | OK | |||
r-release-windows-x86_64 | 0.1.3 | 5.00 | 52.00 | 57.00 | OK | |
r-oldrel-macos-arm64 | 0.1.3 | 34.00 | OK | |||
r-oldrel-macos-x86_64 | 0.1.3 | 43.00 | OK | |||
r-oldrel-windows-x86_64 | 0.1.3 | 6.00 | 57.00 | 63.00 | OK |
Version: 0.1.3
Check: for unstated dependencies in ‘demo’
Result: NOTE
'::' or ':::' import not declared from: ‘bslib’
'library' or 'require' call not declared from: ‘shinyjs’
Flavors: r-devel-linux-x86_64-debian-clang, r-devel-linux-x86_64-debian-gcc, r-patched-linux-x86_64, r-release-linux-x86_64