CRAN Package Check Results for Package ajv

Last updated on 2025-07-16 07:48:59 CEST.

Flavor Version Tinstall Tcheck Ttotal Status Flags
r-devel-linux-x86_64-debian-clang 1.0.0 2.26 31.49 33.75 OK
r-devel-linux-x86_64-debian-gcc 1.0.0 1.99 25.55 27.54 OK
r-devel-linux-x86_64-fedora-clang 1.0.0 50.44 OK
r-devel-linux-x86_64-fedora-gcc 1.0.0 62.46 OK
r-devel-windows-x86_64 1.0.0 4.00 51.00 55.00 OK
r-patched-linux-x86_64 1.0.0 2.65 28.81 31.46 OK
r-release-linux-x86_64 1.0.0 2.41 29.12 31.53 OK
r-release-macos-arm64 1.0.0 37.00 OK
r-release-macos-x86_64 1.0.0 49.00 OK
r-release-windows-x86_64 1.0.0 3.00 55.00 58.00 OK
r-oldrel-macos-arm64 1.0.0 25.00 NOTE
r-oldrel-macos-x86_64 1.0.0 36.00 NOTE
r-oldrel-windows-x86_64 1.0.0 4.00 57.00 61.00 NOTE

Check Details

Version: 1.0.0
Check: LazyData
Result: NOTE 'LazyData' is specified without a 'data' directory Flavors: r-oldrel-macos-arm64, r-oldrel-macos-x86_64, r-oldrel-windows-x86_64

mirror server hosted at Truenetwork, Russian Federation.