Last updated on 2025-05-23 12:49:22 CEST.
Flavor | Version | Tinstall | Tcheck | Ttotal | Status | Flags |
---|---|---|---|---|---|---|
r-devel-linux-x86_64-debian-clang | 0.1.0 | 3.78 | 36.05 | 39.83 | OK | |
r-devel-linux-x86_64-debian-gcc | 0.1.0 | 2.70 | 27.39 | 30.09 | OK | |
r-devel-linux-x86_64-fedora-clang | 0.1.0 | 60.28 | OK | |||
r-devel-linux-x86_64-fedora-gcc | 0.1.0 | 56.69 | OK | |||
r-devel-windows-x86_64 | 0.1.0 | 5.00 | 59.00 | 64.00 | OK | |
r-patched-linux-x86_64 | 0.1.0 | 3.79 | 33.14 | 36.93 | OK | |
r-release-linux-x86_64 | 0.1.0 | 3.74 | 32.87 | 36.61 | OK | |
r-release-macos-arm64 | 0.1.0 | 26.00 | OK | |||
r-release-macos-x86_64 | 0.1.0 | 41.00 | OK | |||
r-release-windows-x86_64 | 0.1.0 | 5.00 | 89.00 | 94.00 | OK | |
r-oldrel-macos-arm64 | 0.1.0 | 22.00 | NOTE | |||
r-oldrel-macos-x86_64 | 0.1.0 | 32.00 | NOTE | |||
r-oldrel-windows-x86_64 | 0.1.0 | 7.00 | 65.00 | 72.00 | NOTE |
Version: 0.1.0
Check: LazyData
Result: NOTE
'LazyData' is specified without a 'data' directory
Flavors: r-oldrel-macos-arm64, r-oldrel-macos-x86_64, r-oldrel-windows-x86_64