CRAN Package Check Results for Package ahw

Last updated on 2025-07-16 07:48:59 CEST.

Flavor Version Tinstall Tcheck Ttotal Status Flags
r-devel-linux-x86_64-debian-clang 0.1.0 7.59 110.90 118.49 NOTE
r-devel-linux-x86_64-debian-gcc 0.1.0 5.57 90.60 96.17 NOTE
r-devel-linux-x86_64-fedora-clang 0.1.0 164.20 OK
r-devel-linux-x86_64-fedora-gcc 0.1.0 146.03 OK
r-devel-windows-x86_64 0.1.0 9.00 89.00 98.00 NOTE
r-patched-linux-x86_64 0.1.0 7.57 95.23 102.80 NOTE
r-release-linux-x86_64 0.1.0 7.59 94.68 102.27 NOTE
r-release-macos-arm64 0.1.0 49.00 OK
r-release-macos-x86_64 0.1.0 90.00 OK
r-release-windows-x86_64 0.1.0 9.00 94.00 103.00 NOTE
r-oldrel-macos-arm64 0.1.0 41.00 OK
r-oldrel-macos-x86_64 0.1.0 65.00 OK
r-oldrel-windows-x86_64 0.1.0 12.00 114.00 126.00 OK

Check Details

Version: 0.1.0
Check: Rd cross-references
Result: NOTE Found the following Rd file(s) with Rd \link{} targets missing package anchors: addNoiseAtEventTimes.Rd: data.table makeContWeights.Rd: data.table weightPredict.Rd: data.table Please provide package anchors for all Rd \link{} targets not in the package itself and the base packages. Flavors: r-devel-linux-x86_64-debian-clang, r-devel-linux-x86_64-debian-gcc, r-devel-windows-x86_64, r-patched-linux-x86_64, r-release-linux-x86_64, r-release-windows-x86_64

mirror server hosted at Truenetwork, Russian Federation.