CRAN Package Check Results for Package ahptopsis2n

Last updated on 2025-07-15 00:49:56 CEST.

Flavor Version Tinstall Tcheck Ttotal Status Flags
r-devel-linux-x86_64-debian-clang 0.2.0 1.61 20.31 21.92 OK
r-devel-linux-x86_64-debian-gcc 0.2.0 1.28 17.11 18.39 OK
r-devel-linux-x86_64-fedora-clang 0.2.0 35.64 OK
r-devel-linux-x86_64-fedora-gcc 0.2.0 46.86 OK
r-devel-windows-x86_64 0.2.0 4.00 41.00 45.00 OK
r-patched-linux-x86_64 0.2.0 1.42 19.28 20.70 OK
r-release-linux-x86_64 0.2.0 1.49 19.51 21.00 OK
r-release-macos-arm64 0.2.0 22.00 OK
r-release-macos-x86_64 0.2.0 39.00 OK
r-release-windows-x86_64 0.2.0 2.00 48.00 50.00 OK
r-oldrel-macos-arm64 0.2.0 29.00 NOTE
r-oldrel-macos-x86_64 0.2.0 34.00 NOTE
r-oldrel-windows-x86_64 0.2.0 4.00 45.00 49.00 NOTE

Check Details

Version: 0.2.0
Check: LazyData
Result: NOTE 'LazyData' is specified without a 'data' directory Flavors: r-oldrel-macos-arm64, r-oldrel-macos-x86_64, r-oldrel-windows-x86_64

mirror server hosted at Truenetwork, Russian Federation.