Last updated on 2025-11-04 05:51:04 CET.
| Flavor | Version | Tinstall | Tcheck | Ttotal | Status | Flags | 
|---|---|---|---|---|---|---|
| r-devel-linux-x86_64-debian-clang | 0.1.0 | 3.44 | 41.50 | 44.94 | NOTE | |
| r-devel-linux-x86_64-debian-gcc | 0.1.0 | 2.06 | 30.89 | 32.95 | NOTE | |
| r-devel-linux-x86_64-fedora-clang | 0.1.0 | 66.77 | NOTE | |||
| r-devel-linux-x86_64-fedora-gcc | 0.1.0 | 64.80 | NOTE | |||
| r-devel-windows-x86_64 | 0.1.0 | 5.00 | 59.00 | 64.00 | NOTE | |
| r-patched-linux-x86_64 | 0.1.0 | 3.50 | 38.96 | 42.46 | NOTE | |
| r-release-linux-x86_64 | 0.1.0 | 3.05 | 38.87 | 41.92 | NOTE | |
| r-release-macos-arm64 | 0.1.0 | 2.00 | 23.00 | 25.00 | NOTE | |
| r-release-macos-x86_64 | 0.1.0 | 3.00 | 41.00 | 44.00 | NOTE | |
| r-release-windows-x86_64 | 0.1.0 | 5.00 | 58.00 | 63.00 | NOTE | |
| r-oldrel-macos-arm64 | 0.1.0 | 2.00 | 23.00 | 25.00 | NOTE | |
| r-oldrel-macos-x86_64 | 0.1.0 | 2.00 | 37.00 | 39.00 | NOTE | |
| r-oldrel-windows-x86_64 | 0.1.0 | 6.00 | 70.00 | 76.00 | NOTE | 
Version: 0.1.0
Check: Rd files
Result: NOTE
  checkRd: (-1) estimate.affinity.matrix.Rd:31: Lost braces; missing escapes or markup?
      31 | than \code{Y}, then those variables that appear in \code{X} but no in {Y}
         |                                                                       ^
  checkRd: (-1) estimate.affinity.matrix.lowrank.Rd:36: Lost braces; missing escapes or markup?
      36 | \code{Y}, then those variables that appear in \code{X} but no in {Y} should
         |                                                                  ^
  checkRd: (-1) show.correlations.Rd:47: Lost braces
      47 | code{ndims} dimensions. Defaults to all dimensions unless the latter are
         |     ^
Flavors: r-devel-linux-x86_64-debian-clang, r-devel-linux-x86_64-debian-gcc, r-devel-linux-x86_64-fedora-clang, r-devel-linux-x86_64-fedora-gcc, r-devel-windows-x86_64, r-patched-linux-x86_64, r-release-linux-x86_64, r-release-macos-arm64, r-release-macos-x86_64, r-release-windows-x86_64, r-oldrel-macos-arm64, r-oldrel-macos-x86_64, r-oldrel-windows-x86_64
Version: 0.1.0
Check: LazyData
Result: NOTE
    'LazyData' is specified without a 'data' directory
Flavors: r-oldrel-macos-arm64, r-oldrel-macos-x86_64, r-oldrel-windows-x86_64