Last updated on 2025-11-04 05:51:04 CET.
| Flavor | Version | Tinstall | Tcheck | Ttotal | Status | Flags | 
|---|---|---|---|---|---|---|
| r-devel-linux-x86_64-debian-clang | 0.3 | 6.31 | 68.06 | 74.37 | NOTE | |
| r-devel-linux-x86_64-debian-gcc | 0.3 | 4.13 | 50.70 | 54.83 | NOTE | |
| r-devel-linux-x86_64-fedora-clang | 0.3 | 15.00 | 101.18 | 116.18 | OK | |
| r-devel-linux-x86_64-fedora-gcc | 0.3 | 14.00 | 99.45 | 113.45 | OK | |
| r-devel-windows-x86_64 | 0.3 | 10.00 | 85.00 | 95.00 | OK | |
| r-patched-linux-x86_64 | 0.3 | 5.93 | 64.54 | 70.47 | OK | |
| r-release-linux-x86_64 | 0.3 | 5.99 | 64.32 | 70.31 | OK | |
| r-release-macos-arm64 | 0.3 | 2.00 | 29.00 | 31.00 | OK | |
| r-release-macos-x86_64 | 0.3 | 4.00 | 80.00 | 84.00 | OK | |
| r-release-windows-x86_64 | 0.3 | 10.00 | 84.00 | 94.00 | OK | |
| r-oldrel-macos-arm64 | 0.3 | 2.00 | 29.00 | 31.00 | OK | |
| r-oldrel-macos-x86_64 | 0.3 | 3.00 | 42.00 | 45.00 | OK | |
| r-oldrel-windows-x86_64 | 0.3 | 11.00 | 102.00 | 113.00 | OK | 
Version: 0.3
Check: CRAN incoming feasibility
Result: NOTE
  Maintainer: ‘E. F. Haghish <haghish@uio.no>’
  
  No Authors@R field in DESCRIPTION.
  Please add one, modifying
    Authors@R: person(given = c("E.", "F."),
                      family = "Haghish",
                      role = c("aut", "cre"),
                      email = "haghish@uio.no")
  as necessary.
Flavors: r-devel-linux-x86_64-debian-clang, r-devel-linux-x86_64-debian-gcc