Last updated on 2025-05-23 12:49:22 CEST.
Flavor | Version | Tinstall | Tcheck | Ttotal | Status | Flags |
---|---|---|---|---|---|---|
r-devel-linux-x86_64-debian-clang | 1.1 | 70.74 | 30.06 | 100.80 | OK | |
r-devel-linux-x86_64-debian-gcc | 1.1 | 59.22 | 22.29 | 81.51 | OK | |
r-devel-linux-x86_64-fedora-clang | 1.1 | 170.96 | OK | |||
r-devel-linux-x86_64-fedora-gcc | 1.1 | 162.11 | OK | |||
r-devel-windows-x86_64 | 1.1 | 69.00 | 79.00 | 148.00 | OK | |
r-patched-linux-x86_64 | 1.1 | 63.88 | 27.97 | 91.85 | OK | |
r-release-linux-x86_64 | 1.1 | 74.34 | 28.05 | 102.39 | OK | |
r-release-macos-arm64 | 1.1 | 78.00 | OK | |||
r-release-macos-x86_64 | 1.1 | 115.00 | OK | |||
r-release-windows-x86_64 | 1.1 | 64.00 | 78.00 | 142.00 | OK | |
r-oldrel-macos-arm64 | 1.1 | 84.00 | NOTE | |||
r-oldrel-macos-x86_64 | 1.1 | 91.00 | NOTE | |||
r-oldrel-windows-x86_64 | 1.1 | 80.00 | 54.00 | 134.00 | NOTE |
Version: 1.1
Check: installed package size
Result: NOTE
installed size is 10.4Mb
sub-directories of 1Mb or more:
data 10.2Mb
Flavors: r-oldrel-macos-arm64, r-oldrel-macos-x86_64, r-oldrel-windows-x86_64