Last updated on 2025-11-04 05:51:04 CET.
| Flavor | Version | Tinstall | Tcheck | Ttotal | Status | Flags | 
|---|---|---|---|---|---|---|
| r-devel-linux-x86_64-debian-clang | 1.0.8 | 442.20 | 344.59 | 786.79 | OK | |
| r-devel-linux-x86_64-debian-gcc | 1.0.8 | 371.31 | 239.14 | 610.45 | OK | |
| r-devel-linux-x86_64-fedora-clang | 1.0.8 | 450.00 | 718.50 | 1168.50 | OK | |
| r-devel-linux-x86_64-fedora-gcc | 1.0.8 | 720.00 | 736.24 | 1456.24 | OK | |
| r-devel-windows-x86_64 | 1.0.8 | 439.00 | 362.00 | 801.00 | OK | |
| r-patched-linux-x86_64 | 1.0.8 | 498.83 | 360.22 | 859.05 | OK | |
| r-release-linux-x86_64 | 1.0.8 | 489.24 | 360.11 | 849.35 | OK | |
| r-release-macos-arm64 | 1.0.8 | 174.00 | 121.00 | 295.00 | OK | |
| r-release-macos-x86_64 | 1.0.8 | 222.00 | 219.00 | 441.00 | OK | |
| r-release-windows-x86_64 | 1.0.8 | 426.00 | 357.00 | 783.00 | OK | |
| r-oldrel-macos-arm64 | 1.0.8 | 186.00 | 131.00 | 317.00 | NOTE | |
| r-oldrel-macos-x86_64 | 1.0.8 | 208.00 | 242.00 | 450.00 | NOTE | |
| r-oldrel-windows-x86_64 | 1.0.8 | 500.00 | 484.00 | 984.00 | NOTE | 
Version: 1.0.8
Check: installed package size
Result: NOTE
    installed size is 211.4Mb
    sub-directories of 1Mb or more:
      adelie    2.0Mb
      doc       1.6Mb
      libs    207.5Mb
Flavors: r-oldrel-macos-arm64, r-oldrel-macos-x86_64, r-oldrel-windows-x86_64