Last updated on 2025-11-04 11:52:24 CET.
| Flavor | Version | Tinstall | Tcheck | Ttotal | Status | Flags | 
|---|---|---|---|---|---|---|
| r-devel-linux-x86_64-debian-clang | 1.5 | 5.63 | 52.27 | 57.90 | NOTE | |
| r-devel-linux-x86_64-debian-gcc | 1.5 | 4.58 | 39.51 | 44.09 | NOTE | |
| r-devel-linux-x86_64-fedora-clang | 1.5 | 15.00 | 73.91 | 88.91 | OK | |
| r-devel-linux-x86_64-fedora-gcc | 1.5 | 13.00 | 70.63 | 83.63 | OK | |
| r-devel-windows-x86_64 | 1.5 | 7.00 | 68.00 | 75.00 | OK | |
| r-patched-linux-x86_64 | 1.5 | 5.15 | 50.34 | 55.49 | OK | |
| r-release-linux-x86_64 | 1.5 | 5.24 | 50.87 | 56.11 | OK | |
| r-release-macos-arm64 | 1.5 | 4.00 | 43.00 | 47.00 | OK | |
| r-release-macos-x86_64 | 1.5 | 5.00 | 51.00 | 56.00 | OK | |
| r-release-windows-x86_64 | 1.5 | 7.00 | 63.00 | 70.00 | OK | |
| r-oldrel-macos-arm64 | 1.5 | 3.00 | 27.00 | 30.00 | OK | |
| r-oldrel-macos-x86_64 | 1.5 | 7.00 | 64.00 | 71.00 | OK | |
| r-oldrel-windows-x86_64 | 1.5 | 9.00 | 77.00 | 86.00 | OK | 
Version: 1.5
Check: CRAN incoming feasibility
Result: NOTE
  Maintainer: ‘Andreas Scheidegger <andreas.scheidegger@eawag.ch>’
  
  No Authors@R field in DESCRIPTION.
  Please add one, modifying
    Authors@R: c(person(given = "Andreas",
                        family = "Scheidegger",
                        role = c("aut", "cre"),
                        email = "andreas.scheidegger@eawag.ch"),
                 person(role = "aut",
                        email = "andreas.scheidegger@eawag.ch"),
                 person(role = "aut",
                        email = "scheidegger.a@gmail.com"))
  as necessary.
Flavors: r-devel-linux-x86_64-debian-clang, r-devel-linux-x86_64-debian-gcc