Last updated on 2025-11-04 11:52:24 CET.
| Flavor | Version | Tinstall | Tcheck | Ttotal | Status | Flags | 
|---|---|---|---|---|---|---|
| r-devel-linux-x86_64-debian-clang | 1.1.0 | 7.89 | 78.12 | 86.01 | NOTE | |
| r-devel-linux-x86_64-debian-gcc | 1.1.0 | 4.51 | 53.13 | 57.64 | NOTE | |
| r-devel-linux-x86_64-fedora-clang | 1.1.0 | 19.00 | 102.57 | 121.57 | NOTE | |
| r-devel-linux-x86_64-fedora-gcc | 1.1.0 | 16.00 | 100.34 | 116.34 | NOTE | |
| r-devel-windows-x86_64 | 1.1.0 | 9.00 | 129.00 | 138.00 | NOTE | |
| r-patched-linux-x86_64 | 1.1.0 | 13.81 | 73.08 | 86.89 | NOTE | |
| r-release-linux-x86_64 | 1.1.0 | 7.48 | 73.66 | 81.14 | NOTE | |
| r-release-macos-arm64 | 1.1.0 | 4.00 | 36.00 | 40.00 | NOTE | |
| r-release-macos-x86_64 | 1.1.0 | 10.00 | 82.00 | 92.00 | NOTE | |
| r-release-windows-x86_64 | 1.1.0 | 10.00 | 120.00 | 130.00 | NOTE | |
| r-oldrel-macos-arm64 | 1.1.0 | 3.00 | 30.00 | 33.00 | NOTE | |
| r-oldrel-macos-x86_64 | 1.1.0 | 5.00 | 47.00 | 52.00 | NOTE | |
| r-oldrel-windows-x86_64 | 1.1.0 | 10.00 | 136.00 | 146.00 | NOTE | 
Version: 1.1.0
Check: CRAN incoming feasibility
Result: NOTE
  Maintainer: ‘Erkut Tekeli <etekeli@atu.edu.tr>’
  
  No Authors@R field in DESCRIPTION.
  Please add one, modifying
    Authors@R: c(person(given = "Zeynel",
                        family = "Cebeci",
                        role = c("aut", "cre")),
                 person(given = "Erkut",
                        family = "Tekeli",
                        role = c("aut", "cre"),
                        email = "etekeli@atu.edu.tr"),
                 person(given = "Cagatay",
                        family = "Cebeci",
                        role = "aut"))
  as necessary.
  
  Package CITATION file contains call(s) to old-style citEntry().  Please
  use bibentry() instead.
Flavors: r-devel-linux-x86_64-debian-clang, r-devel-linux-x86_64-debian-gcc
Version: 1.1.0
Check: Rd files
Result: NOTE
  checkRd: (-1) adana.Rd:25: Lost braces; missing escapes or markup?
      25 |   \item{gatype}{Type of GA. \itemize{\item{"gga": generational GA}  \item{"ssga": steady state GA} } {Default value is "gga"}}
         |                                                                                                      ^
  checkRd: (-1) adana.Rd:26: Lost braces; missing escapes or markup?
      26 |   \item{objective}{Type of optimization. \itemize{\item{"min": minimization}  \item{"max": maximization} } {Default value is "max"}}
         |                                                                                                            ^
  checkRd: (-1) adana.Rd:34: Lost braces; missing escapes or markup?
      34 |                  {Default value is "initbin"}}
         |                  ^
  checkRd: (-1) adana.Rd:56: Lost braces; missing escapes or markup?
      56 |                \itemize{\item{"integer"}  \item{"real"} } {Default value is "real"}}
         |                                                           ^
  checkRd: (-1) adana.Rd:185: Lost braces; missing escapes or markup?
     185 |     {Default value is "w"}
         |     ^
Flavors: r-devel-linux-x86_64-debian-clang, r-devel-linux-x86_64-debian-gcc, r-devel-linux-x86_64-fedora-clang, r-devel-linux-x86_64-fedora-gcc, r-devel-windows-x86_64, r-patched-linux-x86_64, r-release-linux-x86_64, r-release-macos-arm64, r-release-macos-x86_64, r-release-windows-x86_64, r-oldrel-macos-arm64, r-oldrel-macos-x86_64, r-oldrel-windows-x86_64