CRAN Package Check Results for Package adabag

Last updated on 2025-04-16 18:49:59 CEST.

Flavor Version Tinstall Tcheck Ttotal Status Flags
r-devel-linux-x86_64-debian-clang 5.0 16.17 128.28 144.45 NOTE
r-devel-linux-x86_64-debian-gcc 5.0 12.72 88.66 101.38 NOTE
r-devel-linux-x86_64-fedora-clang 5.0 233.78 OK
r-devel-linux-x86_64-fedora-gcc 5.0 223.65 OK
r-devel-windows-x86_64 5.0 16.00 129.00 145.00 NOTE
r-patched-linux-x86_64 5.0 15.28 118.23 133.51 NOTE
r-release-linux-x86_64 5.0 15.18 119.00 134.18 NOTE
r-release-macos-arm64 5.0 61.00 OK
r-release-macos-x86_64 5.0 110.00 OK
r-release-windows-x86_64 5.0 16.00 127.00 143.00 NOTE
r-oldrel-macos-arm64 5.0 60.00 OK
r-oldrel-macos-x86_64 5.0 83.00 OK
r-oldrel-windows-x86_64 5.0 23.00 165.00 188.00 OK

Check Details

Version: 5.0
Check: Rd cross-references
Result: NOTE Found the following Rd file(s) with Rd \link{} targets missing package anchors: autoprune.rd: rpart Please provide package anchors for all Rd \link{} targets not in the package itself and the base packages. Flavors: r-devel-linux-x86_64-debian-clang, r-devel-linux-x86_64-debian-gcc, r-devel-windows-x86_64, r-patched-linux-x86_64, r-release-linux-x86_64, r-release-windows-x86_64

mirror server hosted at Truenetwork, Russian Federation.