CRAN Package Check Results for Package activPAL

Last updated on 2025-07-13 06:48:17 CEST.

Flavor Version Tinstall Tcheck Ttotal Status Flags
r-devel-linux-x86_64-debian-clang 0.1.3 9.78 95.31 105.09 OK
r-devel-linux-x86_64-debian-gcc 0.1.3 5.94 62.41 68.35 OK
r-devel-linux-x86_64-fedora-clang 0.1.3 163.15 OK
r-devel-linux-x86_64-fedora-gcc 0.1.3 148.98 OK
r-devel-windows-x86_64 0.1.3 12.00 95.00 107.00 OK
r-patched-linux-x86_64 0.1.3 9.65 86.34 95.99 OK
r-release-linux-x86_64 0.1.3 10.00 86.56 96.56 OK
r-release-macos-arm64 0.1.3 43.00 OK
r-release-macos-x86_64 0.1.3 80.00 OK
r-release-windows-x86_64 0.1.3 14.00 99.00 113.00 OK
r-oldrel-macos-arm64 0.1.3 43.00 NOTE
r-oldrel-macos-x86_64 0.1.3 76.00 NOTE
r-oldrel-windows-x86_64 0.1.3 16.00 122.00 138.00 NOTE

Check Details

Version: 0.1.3
Check: LazyData
Result: NOTE 'LazyData' is specified without a 'data' directory Flavors: r-oldrel-macos-arm64, r-oldrel-macos-x86_64, r-oldrel-windows-x86_64

mirror server hosted at Truenetwork, Russian Federation.