Last updated on 2025-11-04 05:51:04 CET.
| Flavor | Version | Tinstall | Tcheck | Ttotal | Status | Flags | 
|---|---|---|---|---|---|---|
| r-devel-linux-x86_64-debian-clang | 1.1 | 13.85 | 114.13 | 127.98 | NOTE | |
| r-devel-linux-x86_64-debian-gcc | 1.1 | 9.07 | 79.99 | 89.06 | NOTE | |
| r-devel-linux-x86_64-fedora-clang | 1.1 | 26.00 | 170.09 | 196.09 | OK | |
| r-devel-linux-x86_64-fedora-gcc | 1.1 | 26.00 | 161.37 | 187.37 | OK | |
| r-devel-windows-x86_64 | 1.1 | 14.00 | 125.00 | 139.00 | OK | |
| r-patched-linux-x86_64 | 1.1 | 11.29 | 107.62 | 118.91 | OK | |
| r-release-linux-x86_64 | 1.1 | 11.67 | 106.49 | 118.16 | OK | |
| r-release-macos-arm64 | 1.1 | 5.00 | 41.00 | 46.00 | OK | |
| r-release-macos-x86_64 | 1.1 | 10.00 | 85.00 | 95.00 | OK | |
| r-release-windows-x86_64 | 1.1 | 17.00 | 124.00 | 141.00 | OK | |
| r-oldrel-macos-arm64 | 1.1 | 5.00 | 44.00 | 49.00 | OK | |
| r-oldrel-macos-x86_64 | 1.1 | 9.00 | 66.00 | 75.00 | OK | |
| r-oldrel-windows-x86_64 | 1.1 | 20.00 | 157.00 | 177.00 | OK | 
Version: 1.1
Check: CRAN incoming feasibility
Result: NOTE
  Maintainer: ‘Alexander Sohn <asohn@uni-goettingen.de>’
  
  No Authors@R field in DESCRIPTION.
  Please add one, modifying
    Authors@R: person(given = "Alexander",
                      family = "Sohn",
                      role = c("aut", "cre"),
                      email = "asohn@uni-goettingen.de")
  as necessary.
Flavors: r-devel-linux-x86_64-debian-clang, r-devel-linux-x86_64-debian-gcc