Last updated on 2025-02-21 17:50:35 CET.
Flavor | Version | Tinstall | Tcheck | Ttotal | Status | Flags |
---|---|---|---|---|---|---|
r-devel-linux-x86_64-debian-clang | 1.3.3 | 40.35 | 69.69 | 110.04 | OK | |
r-devel-linux-x86_64-debian-gcc | 1.3.3 | 30.05 | 48.72 | 78.77 | OK | |
r-devel-linux-x86_64-fedora-clang | 1.3.3 | 197.97 | NOTE | |||
r-devel-linux-x86_64-fedora-gcc | 1.3.3 | 183.94 | NOTE | |||
r-devel-macos-arm64 | 1.3.3 | 49.00 | OK | |||
r-devel-macos-x86_64 | 1.3.3 | 81.00 | OK | |||
r-devel-windows-x86_64 | 1.3.3 | 49.00 | 100.00 | 149.00 | OK | |
r-patched-linux-x86_64 | 1.3.3 | 39.10 | 64.46 | 103.56 | OK | |
r-release-linux-x86_64 | 1.3.3 | 42.99 | 64.57 | 107.56 | OK | |
r-release-macos-arm64 | 1.3.3 | 51.00 | OK | |||
r-release-macos-x86_64 | 1.3.3 | 72.00 | OK | |||
r-release-windows-x86_64 | 1.3.3 | 49.00 | 106.00 | 155.00 | OK | |
r-oldrel-macos-arm64 | 1.3.3 | 59.00 | OK | |||
r-oldrel-macos-x86_64 | 1.3.3 | 92.00 | OK | |||
r-oldrel-windows-x86_64 | 1.3.3 | 58.00 | 120.00 | 178.00 | OK |
Version: 1.3.3
Check: compiled code
Result: NOTE
File ‘acc/libs/acc.so’:
Found no calls to: ‘R_registerRoutines’, ‘R_useDynamicSymbols’
It is good practice to register native routines and to disable symbol
search.
See ‘Writing portable packages’ in the ‘Writing R Extensions’ manual.
Flavors: r-devel-linux-x86_64-fedora-clang, r-devel-linux-x86_64-fedora-gcc