Last updated on 2025-02-21 17:50:35 CET.
Flavor | Version | Tinstall | Tcheck | Ttotal | Status | Flags |
---|---|---|---|---|---|---|
r-devel-linux-x86_64-debian-clang | 0.4.0 | 377.68 | 34.23 | 411.91 | NOTE | |
r-devel-linux-x86_64-debian-gcc | 0.4.0 | 294.75 | 25.17 | 319.92 | NOTE | |
r-devel-linux-x86_64-fedora-clang | 0.4.0 | 753.51 | NOTE | |||
r-devel-linux-x86_64-fedora-gcc | 0.4.0 | 892.25 | NOTE | |||
r-devel-macos-arm64 | 0.4.0 | 165.00 | NOTE | |||
r-devel-macos-x86_64 | 0.4.0 | 144.00 | NOTE | |||
r-devel-windows-x86_64 | 0.4.0 | 379.00 | 100.00 | 479.00 | NOTE | |
r-patched-linux-x86_64 | 0.4.0 | 421.22 | 32.12 | 453.34 | NOTE | |
r-release-linux-x86_64 | 0.4.0 | 414.98 | 31.66 | 446.64 | NOTE | |
r-release-macos-arm64 | 0.4.0 | 185.00 | NOTE | |||
r-release-macos-x86_64 | 0.4.0 | 130.00 | NOTE | |||
r-release-windows-x86_64 | 0.4.0 | 390.00 | 88.00 | 478.00 | NOTE | |
r-oldrel-macos-arm64 | 0.4.0 | 226.00 | NOTE | |||
r-oldrel-macos-x86_64 | 0.4.0 | 408.00 | NOTE | |||
r-oldrel-windows-x86_64 | 0.4.0 | 467.00 | 102.00 | 569.00 | NOTE |
Version: 0.4.0
Check: C++ specification
Result: NOTE
Specified C++11: please drop specification unless essential
Flavors: r-devel-linux-x86_64-debian-clang, r-devel-linux-x86_64-debian-gcc, r-devel-linux-x86_64-fedora-clang, r-devel-linux-x86_64-fedora-gcc, r-devel-macos-arm64, r-devel-macos-x86_64, r-devel-windows-x86_64, r-patched-linux-x86_64, r-release-linux-x86_64, r-release-macos-arm64, r-release-macos-x86_64, r-release-windows-x86_64, r-oldrel-macos-arm64, r-oldrel-macos-x86_64, r-oldrel-windows-x86_64
Version: 0.4.0
Check: Rd files
Result: NOTE
checkRd: (-1) abclass.Rd:133: Lost braces; missing escapes or markup?
133 | \code{abclass.control()} returns an object of class {abclass.control}
| ^
checkRd: (-1) supclass.Rd:109: Lost braces; missing escapes or markup?
109 | to solve the equivalent linear programming problem via the package {Rglpk}.
| ^
checkRd: (-1) supclass.Rd:110: Lost braces; missing escapes or markup?
110 | It is recommended to use a recent version of {GLPK}.
| ^
Flavors: r-devel-linux-x86_64-debian-clang, r-devel-linux-x86_64-debian-gcc, r-devel-linux-x86_64-fedora-clang, r-devel-linux-x86_64-fedora-gcc, r-devel-macos-arm64, r-devel-macos-x86_64, r-devel-windows-x86_64, r-patched-linux-x86_64, r-release-linux-x86_64, r-release-macos-arm64, r-release-macos-x86_64, r-release-windows-x86_64
Version: 0.4.0
Check: installed package size
Result: NOTE
installed size is 29.7Mb
sub-directories of 1Mb or more:
libs 29.2Mb
Flavors: r-release-macos-arm64, r-release-macos-x86_64, r-oldrel-macos-arm64, r-oldrel-macos-x86_64