Last updated on 2025-05-28 00:48:55 CEST.
Flavor | Version | Tinstall | Tcheck | Ttotal | Status | Flags |
---|---|---|---|---|---|---|
r-devel-linux-x86_64-debian-clang | 1.0.1 | 167.47 | 149.77 | 317.24 | OK | |
r-devel-linux-x86_64-debian-gcc | 1.0.1 | 113.48 | 91.00 | 204.48 | OK | |
r-devel-linux-x86_64-fedora-clang | 1.0.1 | 647.81 | OK | |||
r-devel-linux-x86_64-fedora-gcc | 1.0.1 | 526.85 | OK | |||
r-devel-windows-x86_64 | 1.0.1 | 200.00 | 176.00 | 376.00 | OK | |
r-patched-linux-x86_64 | 1.0.1 | 161.37 | 136.39 | 297.76 | OK | |
r-release-linux-x86_64 | 1.0.1 | 165.82 | 136.41 | 302.23 | OK | |
r-release-macos-arm64 | 1.0.1 | 125.00 | OK | |||
r-release-macos-x86_64 | 1.0.1 | 190.00 | OK | |||
r-release-windows-x86_64 | 1.0.1 | 201.00 | 171.00 | 372.00 | OK | |
r-oldrel-macos-arm64 | 1.0.1 | 126.00 | NOTE | |||
r-oldrel-macos-x86_64 | 1.0.1 | 195.00 | NOTE | |||
r-oldrel-windows-x86_64 | 1.0.1 | 203.00 | 229.00 | 432.00 | OK |
Version: 1.0.1
Check: installed package size
Result: NOTE
installed size is 7.2Mb
sub-directories of 1Mb or more:
libs 6.1Mb
Flavors: r-oldrel-macos-arm64, r-oldrel-macos-x86_64