CRAN Package Check Results for Package YRmisc

Last updated on 2025-02-22 05:51:56 CET.

Flavor Version Tinstall Tcheck Ttotal Status Flags
r-devel-linux-x86_64-debian-clang 0.1.6 5.45 60.90 66.35 OK
r-devel-linux-x86_64-debian-gcc 0.1.6 4.39 42.53 46.92 OK
r-devel-linux-x86_64-fedora-clang 0.1.6 102.99 OK
r-devel-linux-x86_64-fedora-gcc 0.1.6 98.01 OK
r-devel-macos-arm64 0.1.6 42.00 OK
r-devel-macos-x86_64 0.1.6 83.00 OK
r-devel-windows-x86_64 0.1.6 9.00 95.00 104.00 OK
r-patched-linux-x86_64 0.1.6 6.07 56.69 62.76 NOTE
r-release-linux-x86_64 0.1.6 4.69 55.13 59.82 NOTE
r-release-macos-arm64 0.1.6 42.00 NOTE
r-release-macos-x86_64 0.1.6 54.00 NOTE
r-release-windows-x86_64 0.1.6 8.00 95.00 103.00 NOTE
r-oldrel-macos-arm64 0.1.6 35.00 NOTE
r-oldrel-macos-x86_64 0.1.6 54.00 NOTE
r-oldrel-windows-x86_64 0.1.6 10.00 113.00 123.00 NOTE

Check Details

Version: 0.1.6
Check: LazyData
Result: NOTE 'LazyData' is specified without a 'data' directory Flavors: r-patched-linux-x86_64, r-release-linux-x86_64, r-release-macos-arm64, r-release-macos-x86_64, r-release-windows-x86_64, r-oldrel-macos-arm64, r-oldrel-macos-x86_64, r-oldrel-windows-x86_64

mirror server hosted at Truenetwork, Russian Federation.