Last updated on 2025-11-04 13:50:29 CET.
| Flavor | Version | Tinstall | Tcheck | Ttotal | Status | Flags |
|---|---|---|---|---|---|---|
| r-devel-linux-x86_64-debian-clang | 0.0.1 | 234.08 | 175.34 | 409.42 | NOTE | |
| r-devel-linux-x86_64-debian-gcc | 0.0.1 | 211.69 | 140.42 | 352.11 | NOTE | |
| r-devel-linux-x86_64-fedora-clang | 0.0.1 | 479.00 | 163.80 | 642.80 | NOTE | |
| r-devel-linux-x86_64-fedora-gcc | 0.0.1 | 660.00 | 121.51 | 781.51 | NOTE | |
| r-devel-windows-x86_64 | 0.0.1 | 281.00 | 202.00 | 483.00 | OK | |
| r-patched-linux-x86_64 | 0.0.1 | 277.90 | 191.48 | 469.38 | OK | |
| r-release-linux-x86_64 | 0.0.1 | 280.68 | 190.29 | 470.97 | OK | |
| r-release-macos-arm64 | 0.0.1 | 97.00 | 61.00 | 158.00 | OK | |
| r-release-macos-x86_64 | 0.0.1 | 141.00 | 152.00 | 293.00 | OK | |
| r-release-windows-x86_64 | 0.0.1 | 265.00 | 198.00 | 463.00 | OK | |
| r-oldrel-macos-arm64 | 0.0.1 | 94.00 | 67.00 | 161.00 | NOTE | |
| r-oldrel-macos-x86_64 | 0.0.1 | 130.00 | 92.00 | 222.00 | NOTE | |
| r-oldrel-windows-x86_64 | 0.0.1 | 307.00 | 254.00 | 561.00 | NOTE |
Version: 0.0.1
Check: CRAN incoming feasibility
Result: NOTE
Maintainer: ‘Fabio Demarqui <fndemarqui@est.ufmg.br>’
The Description field contains
et al. (2019) <arXiv:1910.04475>. Model fitting can be carried out via
Please refer to arXiv e-prints via their arXiv DOI <doi:10.48550/arXiv.YYMM.NNNNN>.
Flavors: r-devel-linux-x86_64-debian-clang, r-devel-linux-x86_64-debian-gcc
Version: 0.0.1
Check: dependencies in R code
Result: NOTE
Namespace in Imports field not imported from: ‘rstantools’
All declared Imports should be used.
Flavors: r-devel-linux-x86_64-fedora-clang, r-devel-linux-x86_64-fedora-gcc
Version: 0.0.1
Check: installed package size
Result: NOTE
installed size is 56.0Mb
sub-directories of 1Mb or more:
libs 55.7Mb
Flavors: r-oldrel-macos-arm64, r-oldrel-macos-x86_64
Version: 0.0.1
Check: for GNU extensions in Makefiles
Result: NOTE
GNU make is a SystemRequirements.
Flavors: r-oldrel-macos-arm64, r-oldrel-macos-x86_64, r-oldrel-windows-x86_64