Last updated on 2025-11-04 05:51:30 CET.
| Flavor | Version | Tinstall | Tcheck | Ttotal | Status | Flags | 
|---|---|---|---|---|---|---|
| r-devel-linux-x86_64-debian-clang | 1.5.5 | 29.71 | 187.27 | 216.98 | NOTE | |
| r-devel-linux-x86_64-debian-gcc | 1.5.5 | 18.79 | 125.46 | 144.25 | NOTE | |
| r-devel-linux-x86_64-fedora-clang | 1.5.5 | 72.00 | 268.69 | 340.69 | NOTE | |
| r-devel-linux-x86_64-fedora-gcc | 1.5.5 | 61.00 | 259.16 | 320.16 | NOTE | |
| r-devel-windows-x86_64 | 1.5.5 | 28.00 | 168.00 | 196.00 | NOTE | |
| r-patched-linux-x86_64 | 1.5.5 | 28.63 | 174.48 | 203.11 | OK | |
| r-release-linux-x86_64 | 1.5.5 | 25.99 | 176.31 | 202.30 | OK | |
| r-release-macos-arm64 | 1.5.5 | 11.00 | 64.00 | 75.00 | OK | |
| r-release-macos-x86_64 | 1.5.5 | 23.00 | 103.00 | 126.00 | OK | |
| r-release-windows-x86_64 | 1.5.5 | 29.00 | 164.00 | 193.00 | OK | |
| r-oldrel-macos-arm64 | 1.5.5 | 7.00 | 217.00 | 224.00 | OK | |
| r-oldrel-macos-x86_64 | 1.5.5 | 13.00 | 254.00 | 267.00 | OK | |
| r-oldrel-windows-x86_64 | 1.5.5 | 42.00 | 221.00 | 263.00 | OK | 
Version: 1.5.5
Check: Rd files
Result: NOTE
  checkRd: (-1) Xplortext-package.Rd:16-22: Only 2 columns allowed in this table (row 5 has 1)
Flavors: r-devel-linux-x86_64-debian-clang, r-devel-linux-x86_64-debian-gcc, r-devel-linux-x86_64-fedora-clang, r-devel-linux-x86_64-fedora-gcc, r-devel-windows-x86_64