Last updated on 2025-05-27 18:50:05 CEST.
Flavor | Version | Tinstall | Tcheck | Ttotal | Status | Flags |
---|---|---|---|---|---|---|
r-devel-linux-x86_64-debian-clang | 1.2.1 | 12.49 | 152.48 | 164.97 | OK | |
r-devel-linux-x86_64-debian-gcc | 1.2.1 | 8.53 | 120.19 | 128.72 | OK | |
r-devel-linux-x86_64-fedora-clang | 1.2.1 | 244.68 | OK | |||
r-devel-linux-x86_64-fedora-gcc | 1.2.2 | 256.89 | OK | |||
r-devel-windows-x86_64 | 1.2.2 | 25.00 | 276.00 | 301.00 | OK | |
r-patched-linux-x86_64 | 1.2.1 | 13.73 | 145.85 | 159.58 | OK | |
r-release-linux-x86_64 | 1.2.1 | 11.96 | 144.97 | 156.93 | OK | |
r-release-macos-arm64 | 1.2.2 | 120.00 | OK | |||
r-release-macos-x86_64 | 1.2.2 | 215.00 | OK | |||
r-release-windows-x86_64 | 1.2.1 | 22.00 | 276.00 | 298.00 | OK | |
r-oldrel-macos-arm64 | 1.2.2 | 95.00 | NOTE | |||
r-oldrel-macos-x86_64 | 1.2.2 | 230.00 | NOTE | |||
r-oldrel-windows-x86_64 | 1.2.1 | 22.00 | 292.00 | 314.00 | NOTE |
Version: 1.2.2
Check: installed package size
Result: NOTE
installed size is 31.7Mb
sub-directories of 1Mb or more:
java 29.2Mb
Flavors: r-oldrel-macos-arm64, r-oldrel-macos-x86_64
Version: 1.2.1
Check: installed package size
Result: NOTE
installed size is 28.9Mb
sub-directories of 1Mb or more:
java 26.5Mb
Flavor: r-oldrel-windows-x86_64