Last updated on 2025-07-10 19:18:09 CEST.
Flavor | Version | Tinstall | Tcheck | Ttotal | Status | Flags |
---|---|---|---|---|---|---|
r-devel-linux-x86_64-debian-clang | 0.1.1 | 16.57 | 342.31 | 358.88 | OK | |
r-devel-linux-x86_64-debian-gcc | 0.1.1 | 10.37 | 87.16 | 97.53 | ERROR | |
r-devel-linux-x86_64-fedora-clang | 0.1.1 | 217.59 | ERROR | |||
r-devel-linux-x86_64-fedora-gcc | 0.1.1 | 222.86 | ERROR | |||
r-devel-windows-x86_64 | 0.1.1 | 18.00 | 293.00 | 311.00 | OK | |
r-patched-linux-x86_64 | 0.1.1 | 15.81 | 114.26 | 130.07 | ERROR | |
r-release-linux-x86_64 | 0.1.1 | 15.65 | 317.53 | 333.18 | OK | |
r-release-macos-arm64 | 0.1.1 | 289.00 | OK | |||
r-release-macos-x86_64 | 0.1.1 | 506.00 | OK | |||
r-release-windows-x86_64 | 0.1.1 | 16.00 | 177.00 | 193.00 | ERROR | |
r-oldrel-macos-arm64 | 0.1.1 | 220.00 | OK | |||
r-oldrel-macos-x86_64 | 0.1.1 | 388.00 | OK | |||
r-oldrel-windows-x86_64 | 0.1.1 | 22.00 | 397.00 | 419.00 | OK |
Version: 0.1.1
Check: tests
Result: ERROR
Running ‘testthat.R’ [4s/7s]
Running the tests in ‘tests/testthat.R’ failed.
Complete output:
> library(testthat)
> library(WormTensor)
>
> test_check("WormTensor")
trying URL 'https://figshare.com/ndownloader/files/35963780'
trying URL 'https://figshare.com/ndownloader/files/35963780'
trying URL 'https://figshare.com/ndownloader/files/35963777'
trying URL 'https://figshare.com/ndownloader/files/35963780'
trying URL 'https://figshare.com/ndownloader/files/35963780'
trying URL 'https://figshare.com/ndownloader/files/35963780'
[ FAIL 6 | WARN 9 | SKIP 0 | PASS 31 ]
══ Failed tests ════════════════════════════════════════════════════════════════
── Error ('test-as_worm_tensor.R:2:1'): (code run outside of `test_that()`) ────
Error in `download.file("https://figshare.com/ndownloader/files/35963780",
tempfile1)`: cannot open URL 'https://figshare.com/ndownloader/files/35963780'
Backtrace:
▆
1. ├─WormTensor::as_worm_tensor(worm_download()$Ds) at test-as_worm_tensor.R:2:1
2. │ └─WormTensor:::.check_as_worm_tensor(Ds)
3. │ └─base::lapply(...)
4. └─WormTensor::worm_download()
5. └─utils::download.file(...)
── Error ('test-worm_clustering.R:2:1'): (code run outside of `test_that()`) ───
Error in `h(simpleError(msg, call))`: error in evaluating the argument 'object' in selecting a method for function 'worm_membership': cannot open URL 'https://figshare.com/ndownloader/files/35963780'
Backtrace:
▆
1. ├─WormTensor::worm_membership(...) at test-worm_clustering.R:2:1
2. ├─WormTensor::as_worm_tensor(worm_download()$Ds)
3. │ └─WormTensor:::.check_as_worm_tensor(Ds)
4. │ └─base::lapply(...)
5. ├─WormTensor::worm_download()
6. │ └─utils::download.file(...)
7. └─base::.handleSimpleError(...)
8. └─base (local) h(simpleError(msg, call))
── Error ('test-worm_download.R:7:1'): (code run outside of `test_that()`) ─────
Error in `download.file("https://figshare.com/ndownloader/files/35963777",
tempfile1)`: cannot open URL 'https://figshare.com/ndownloader/files/35963777'
Backtrace:
▆
1. └─WormTensor::worm_download("Euclid") at test-worm_download.R:7:1
2. └─utils::download.file(...)
── Error ('test-worm_evaluate.R:2:1'): (code run outside of `test_that()`) ─────
Error in `h(simpleError(msg, call))`: error in evaluating the argument 'object' in selecting a method for function 'worm_clustering': error in evaluating the argument 'object' in selecting a method for function 'worm_membership': cannot open URL 'https://figshare.com/ndownloader/files/35963780'
Backtrace:
▆
1. ├─WormTensor::worm_clustering(...) at test-worm_evaluate.R:2:1
2. ├─WormTensor::worm_membership(...)
3. ├─WormTensor::as_worm_tensor(worm_download()$Ds)
4. │ └─WormTensor:::.check_as_worm_tensor(Ds)
5. │ └─base::lapply(...)
6. ├─WormTensor::worm_download()
7. │ └─utils::download.file(...)
8. ├─base::.handleSimpleError(...)
9. │ └─base (local) h(simpleError(msg, call))
10. └─base::.handleSimpleError(...)
11. └─base (local) h(simpleError(msg, call))
── Error ('test-worm_membership.R:2:1'): (code run outside of `test_that()`) ───
Error in `download.file("https://figshare.com/ndownloader/files/35963780",
tempfile1)`: cannot open URL 'https://figshare.com/ndownloader/files/35963780'
Backtrace:
▆
1. ├─WormTensor::as_worm_tensor(worm_download()$Ds) at test-worm_membership.R:2:1
2. │ └─WormTensor:::.check_as_worm_tensor(Ds)
3. │ └─base::lapply(...)
4. └─WormTensor::worm_download()
5. └─utils::download.file(...)
── Error ('test-worm_visualize.R:5:1'): (code run outside of `test_that()`) ────
Error in `h(simpleError(msg, call))`: error in evaluating the argument 'object' in selecting a method for function 'worm_visualize': error in evaluating the argument 'object' in selecting a method for function 'worm_evaluate': error in evaluating the argument 'object' in selecting a method for function 'worm_clustering': error in evaluating the argument 'object' in selecting a method for function 'worm_membership': cannot open URL 'https://figshare.com/ndownloader/files/35963780'
Backtrace:
▆
1. ├─WormTensor::worm_visualize(...) at test-worm_visualize.R:5:1
2. ├─WormTensor::worm_evaluate(...)
3. ├─WormTensor::worm_clustering(...)
4. ├─WormTensor::worm_membership(...)
5. ├─WormTensor::as_worm_tensor(worm_download()$Ds)
6. │ └─WormTensor:::.check_as_worm_tensor(Ds)
7. │ └─base::lapply(...)
8. ├─WormTensor::worm_download()
9. │ └─utils::download.file(...)
10. ├─base::.handleSimpleError(...)
11. │ └─base (local) h(simpleError(msg, call))
12. ├─base::.handleSimpleError(...)
13. │ └─base (local) h(simpleError(msg, call))
14. ├─base::.handleSimpleError(...)
15. │ └─base (local) h(simpleError(msg, call))
16. └─base::.handleSimpleError(...)
17. └─base (local) h(simpleError(msg, call))
[ FAIL 6 | WARN 9 | SKIP 0 | PASS 31 ]
Error: Test failures
Execution halted
Flavor: r-devel-linux-x86_64-debian-gcc
Version: 0.1.1
Check: re-building of vignette outputs
Result: ERROR
Error(s) in re-building vignettes:
...
--- re-building ‘WormTensor.Rmd’ using rmarkdown
trying URL 'https://figshare.com/ndownloader/files/35963780'
Quitting from WormTensor.Rmd:38-40 [worm_download]
~~~~~~~~~~~~~~~~~~~~~~~~~~~~~~~~~~~~~~~~~~~~~~~~~~~~~~~~~~~~~~~~~~~~~~~~~~~~~~~~
<error/rlang_error>
Error in `download.file()`:
! cannot open URL 'https://figshare.com/ndownloader/files/35963780'
---
Backtrace:
▆
1. └─WormTensor::worm_download()
2. └─utils::download.file(...)
~~~~~~~~~~~~~~~~~~~~~~~~~~~~~~~~~~~~~~~~~~~~~~~~~~~~~~~~~~~~~~~~~~~~~~~~~~~~~~~~
Error: processing vignette 'WormTensor.Rmd' failed with diagnostics:
cannot open URL 'https://figshare.com/ndownloader/files/35963780'
--- failed re-building ‘WormTensor.Rmd’
SUMMARY: processing the following file failed:
‘WormTensor.Rmd’
Error: Vignette re-building failed.
Execution halted
Flavors: r-devel-linux-x86_64-debian-gcc, r-patched-linux-x86_64
Version: 0.1.1
Check: tests
Result: ERROR
Running ‘testthat.R’ [10s/20s]
Running the tests in ‘tests/testthat.R’ failed.
Complete output:
> library(testthat)
> library(WormTensor)
>
> test_check("WormTensor")
trying URL 'https://figshare.com/ndownloader/files/35963780'
trying URL 'https://figshare.com/ndownloader/files/35963780'
trying URL 'https://figshare.com/ndownloader/files/35963777'
trying URL 'https://figshare.com/ndownloader/files/35963780'
trying URL 'https://figshare.com/ndownloader/files/35963780'
trying URL 'https://figshare.com/ndownloader/files/35963780'
[ FAIL 6 | WARN 9 | SKIP 0 | PASS 31 ]
══ Failed tests ════════════════════════════════════════════════════════════════
── Error ('test-as_worm_tensor.R:2:1'): (code run outside of `test_that()`) ────
Error in `download.file("https://figshare.com/ndownloader/files/35963780",
tempfile1)`: cannot open URL 'https://figshare.com/ndownloader/files/35963780'
Backtrace:
▆
1. ├─WormTensor::as_worm_tensor(worm_download()$Ds) at test-as_worm_tensor.R:2:1
2. │ └─WormTensor:::.check_as_worm_tensor(Ds)
3. │ └─base::lapply(...)
4. └─WormTensor::worm_download()
5. └─utils::download.file(...)
── Error ('test-worm_clustering.R:2:1'): (code run outside of `test_that()`) ───
Error in `h(simpleError(msg, call))`: error in evaluating the argument 'object' in selecting a method for function 'worm_membership': cannot open URL 'https://figshare.com/ndownloader/files/35963780'
Backtrace:
▆
1. ├─WormTensor::worm_membership(...) at test-worm_clustering.R:2:1
2. ├─WormTensor::as_worm_tensor(worm_download()$Ds)
3. │ └─WormTensor:::.check_as_worm_tensor(Ds)
4. │ └─base::lapply(...)
5. ├─WormTensor::worm_download()
6. │ └─utils::download.file(...)
7. └─base::.handleSimpleError(...)
8. └─base (local) h(simpleError(msg, call))
── Error ('test-worm_download.R:7:1'): (code run outside of `test_that()`) ─────
Error in `download.file("https://figshare.com/ndownloader/files/35963777",
tempfile1)`: cannot open URL 'https://figshare.com/ndownloader/files/35963777'
Backtrace:
▆
1. └─WormTensor::worm_download("Euclid") at test-worm_download.R:7:1
2. └─utils::download.file(...)
── Error ('test-worm_evaluate.R:2:1'): (code run outside of `test_that()`) ─────
Error in `h(simpleError(msg, call))`: error in evaluating the argument 'object' in selecting a method for function 'worm_clustering': error in evaluating the argument 'object' in selecting a method for function 'worm_membership': cannot open URL 'https://figshare.com/ndownloader/files/35963780'
Backtrace:
▆
1. ├─WormTensor::worm_clustering(...) at test-worm_evaluate.R:2:1
2. ├─WormTensor::worm_membership(...)
3. ├─WormTensor::as_worm_tensor(worm_download()$Ds)
4. │ └─WormTensor:::.check_as_worm_tensor(Ds)
5. │ └─base::lapply(...)
6. ├─WormTensor::worm_download()
7. │ └─utils::download.file(...)
8. ├─base::.handleSimpleError(...)
9. │ └─base (local) h(simpleError(msg, call))
10. └─base::.handleSimpleError(...)
11. └─base (local) h(simpleError(msg, call))
── Error ('test-worm_membership.R:2:1'): (code run outside of `test_that()`) ───
Error in `download.file("https://figshare.com/ndownloader/files/35963780",
tempfile1)`: cannot open URL 'https://figshare.com/ndownloader/files/35963780'
Backtrace:
▆
1. ├─WormTensor::as_worm_tensor(worm_download()$Ds) at test-worm_membership.R:2:1
2. │ └─WormTensor:::.check_as_worm_tensor(Ds)
3. │ └─base::lapply(...)
4. └─WormTensor::worm_download()
5. └─utils::download.file(...)
── Error ('test-worm_visualize.R:5:1'): (code run outside of `test_that()`) ────
Error in `h(simpleError(msg, call))`: error in evaluating the argument 'object' in selecting a method for function 'worm_visualize': error in evaluating the argument 'object' in selecting a method for function 'worm_evaluate': error in evaluating the argument 'object' in selecting a method for function 'worm_clustering': error in evaluating the argument 'object' in selecting a method for function 'worm_membership': cannot open URL 'https://figshare.com/ndownloader/files/35963780'
Backtrace:
▆
1. ├─WormTensor::worm_visualize(...) at test-worm_visualize.R:5:1
2. ├─WormTensor::worm_evaluate(...)
3. ├─WormTensor::worm_clustering(...)
4. ├─WormTensor::worm_membership(...)
5. ├─WormTensor::as_worm_tensor(worm_download()$Ds)
6. │ └─WormTensor:::.check_as_worm_tensor(Ds)
7. │ └─base::lapply(...)
8. ├─WormTensor::worm_download()
9. │ └─utils::download.file(...)
10. ├─base::.handleSimpleError(...)
11. │ └─base (local) h(simpleError(msg, call))
12. ├─base::.handleSimpleError(...)
13. │ └─base (local) h(simpleError(msg, call))
14. ├─base::.handleSimpleError(...)
15. │ └─base (local) h(simpleError(msg, call))
16. └─base::.handleSimpleError(...)
17. └─base (local) h(simpleError(msg, call))
[ FAIL 6 | WARN 9 | SKIP 0 | PASS 31 ]
Error: Test failures
Execution halted
Flavor: r-devel-linux-x86_64-fedora-clang
Version: 0.1.1
Check: re-building of vignette outputs
Result: ERROR
Error(s) in re-building vignettes:
--- re-building ‘WormTensor.Rmd’ using rmarkdown
trying URL 'https://figshare.com/ndownloader/files/35963780'
Quitting from WormTensor.Rmd:38-40 [worm_download]
~~~~~~~~~~~~~~~~~~~~~~~~~~~~~~~~~~~~~~~~~~~~~~~~~~~~~~~~~~~~~~~~~~~~~~~~~~~~~~~~
<error/rlang_error>
Error in `download.file()`:
! cannot open URL 'https://figshare.com/ndownloader/files/35963780'
---
Backtrace:
▆
1. └─WormTensor::worm_download()
2. └─utils::download.file(...)
~~~~~~~~~~~~~~~~~~~~~~~~~~~~~~~~~~~~~~~~~~~~~~~~~~~~~~~~~~~~~~~~~~~~~~~~~~~~~~~~
Error: processing vignette 'WormTensor.Rmd' failed with diagnostics:
cannot open URL 'https://figshare.com/ndownloader/files/35963780'
--- failed re-building ‘WormTensor.Rmd’
SUMMARY: processing the following file failed:
‘WormTensor.Rmd’
Error: Vignette re-building failed.
Execution halted
Flavors: r-devel-linux-x86_64-fedora-clang, r-devel-linux-x86_64-fedora-gcc, r-release-windows-x86_64
Version: 0.1.1
Check: tests
Result: ERROR
Running ‘testthat.R’ [9s/16s]
Running the tests in ‘tests/testthat.R’ failed.
Complete output:
> library(testthat)
> library(WormTensor)
>
> test_check("WormTensor")
trying URL 'https://figshare.com/ndownloader/files/35963780'
trying URL 'https://figshare.com/ndownloader/files/35963780'
trying URL 'https://figshare.com/ndownloader/files/35963777'
trying URL 'https://figshare.com/ndownloader/files/35963780'
trying URL 'https://figshare.com/ndownloader/files/35963780'
trying URL 'https://figshare.com/ndownloader/files/35963780'
[ FAIL 6 | WARN 9 | SKIP 0 | PASS 31 ]
══ Failed tests ════════════════════════════════════════════════════════════════
── Error ('test-as_worm_tensor.R:2:1'): (code run outside of `test_that()`) ────
Error in `download.file("https://figshare.com/ndownloader/files/35963780",
tempfile1)`: cannot open URL 'https://figshare.com/ndownloader/files/35963780'
Backtrace:
▆
1. ├─WormTensor::as_worm_tensor(worm_download()$Ds) at test-as_worm_tensor.R:2:1
2. │ └─WormTensor:::.check_as_worm_tensor(Ds)
3. │ └─base::lapply(...)
4. └─WormTensor::worm_download()
5. └─utils::download.file(...)
── Error ('test-worm_clustering.R:2:1'): (code run outside of `test_that()`) ───
Error in `h(simpleError(msg, call))`: error in evaluating the argument 'object' in selecting a method for function 'worm_membership': cannot open URL 'https://figshare.com/ndownloader/files/35963780'
Backtrace:
▆
1. ├─WormTensor::worm_membership(...) at test-worm_clustering.R:2:1
2. ├─WormTensor::as_worm_tensor(worm_download()$Ds)
3. │ └─WormTensor:::.check_as_worm_tensor(Ds)
4. │ └─base::lapply(...)
5. ├─WormTensor::worm_download()
6. │ └─utils::download.file(...)
7. └─base::.handleSimpleError(...)
8. └─base (local) h(simpleError(msg, call))
── Error ('test-worm_download.R:7:1'): (code run outside of `test_that()`) ─────
Error in `download.file("https://figshare.com/ndownloader/files/35963777",
tempfile1)`: cannot open URL 'https://figshare.com/ndownloader/files/35963777'
Backtrace:
▆
1. └─WormTensor::worm_download("Euclid") at test-worm_download.R:7:1
2. └─utils::download.file(...)
── Error ('test-worm_evaluate.R:2:1'): (code run outside of `test_that()`) ─────
Error in `h(simpleError(msg, call))`: error in evaluating the argument 'object' in selecting a method for function 'worm_clustering': error in evaluating the argument 'object' in selecting a method for function 'worm_membership': cannot open URL 'https://figshare.com/ndownloader/files/35963780'
Backtrace:
▆
1. ├─WormTensor::worm_clustering(...) at test-worm_evaluate.R:2:1
2. ├─WormTensor::worm_membership(...)
3. ├─WormTensor::as_worm_tensor(worm_download()$Ds)
4. │ └─WormTensor:::.check_as_worm_tensor(Ds)
5. │ └─base::lapply(...)
6. ├─WormTensor::worm_download()
7. │ └─utils::download.file(...)
8. ├─base::.handleSimpleError(...)
9. │ └─base (local) h(simpleError(msg, call))
10. └─base::.handleSimpleError(...)
11. └─base (local) h(simpleError(msg, call))
── Error ('test-worm_membership.R:2:1'): (code run outside of `test_that()`) ───
Error in `download.file("https://figshare.com/ndownloader/files/35963780",
tempfile1)`: cannot open URL 'https://figshare.com/ndownloader/files/35963780'
Backtrace:
▆
1. ├─WormTensor::as_worm_tensor(worm_download()$Ds) at test-worm_membership.R:2:1
2. │ └─WormTensor:::.check_as_worm_tensor(Ds)
3. │ └─base::lapply(...)
4. └─WormTensor::worm_download()
5. └─utils::download.file(...)
── Error ('test-worm_visualize.R:5:1'): (code run outside of `test_that()`) ────
Error in `h(simpleError(msg, call))`: error in evaluating the argument 'object' in selecting a method for function 'worm_visualize': error in evaluating the argument 'object' in selecting a method for function 'worm_evaluate': error in evaluating the argument 'object' in selecting a method for function 'worm_clustering': error in evaluating the argument 'object' in selecting a method for function 'worm_membership': cannot open URL 'https://figshare.com/ndownloader/files/35963780'
Backtrace:
▆
1. ├─WormTensor::worm_visualize(...) at test-worm_visualize.R:5:1
2. ├─WormTensor::worm_evaluate(...)
3. ├─WormTensor::worm_clustering(...)
4. ├─WormTensor::worm_membership(...)
5. ├─WormTensor::as_worm_tensor(worm_download()$Ds)
6. │ └─WormTensor:::.check_as_worm_tensor(Ds)
7. │ └─base::lapply(...)
8. ├─WormTensor::worm_download()
9. │ └─utils::download.file(...)
10. ├─base::.handleSimpleError(...)
11. │ └─base (local) h(simpleError(msg, call))
12. ├─base::.handleSimpleError(...)
13. │ └─base (local) h(simpleError(msg, call))
14. ├─base::.handleSimpleError(...)
15. │ └─base (local) h(simpleError(msg, call))
16. └─base::.handleSimpleError(...)
17. └─base (local) h(simpleError(msg, call))
[ FAIL 6 | WARN 9 | SKIP 0 | PASS 31 ]
Error: Test failures
Execution halted
Flavor: r-devel-linux-x86_64-fedora-gcc
Version: 0.1.1
Check: tests
Result: ERROR
Running ‘testthat.R’ [6s/13s]
Running the tests in ‘tests/testthat.R’ failed.
Complete output:
> library(testthat)
> library(WormTensor)
>
> test_check("WormTensor")
trying URL 'https://figshare.com/ndownloader/files/35963780'
trying URL 'https://figshare.com/ndownloader/files/35963780'
trying URL 'https://figshare.com/ndownloader/files/35963777'
trying URL 'https://figshare.com/ndownloader/files/35963780'
trying URL 'https://figshare.com/ndownloader/files/35963780'
trying URL 'https://figshare.com/ndownloader/files/35963780'
[ FAIL 6 | WARN 9 | SKIP 0 | PASS 31 ]
══ Failed tests ════════════════════════════════════════════════════════════════
── Error ('test-as_worm_tensor.R:2:1'): (code run outside of `test_that()`) ────
Error in `download.file("https://figshare.com/ndownloader/files/35963780",
tempfile1)`: cannot open URL 'https://figshare.com/ndownloader/files/35963780'
Backtrace:
▆
1. ├─WormTensor::as_worm_tensor(worm_download()$Ds) at test-as_worm_tensor.R:2:1
2. │ └─WormTensor:::.check_as_worm_tensor(Ds)
3. │ └─base::lapply(...)
4. └─WormTensor::worm_download()
5. └─utils::download.file(...)
── Error ('test-worm_clustering.R:2:1'): (code run outside of `test_that()`) ───
Error in `h(simpleError(msg, call))`: error in evaluating the argument 'object' in selecting a method for function 'worm_membership': cannot open URL 'https://figshare.com/ndownloader/files/35963780'
Backtrace:
▆
1. ├─WormTensor::worm_membership(...) at test-worm_clustering.R:2:1
2. ├─WormTensor::as_worm_tensor(worm_download()$Ds)
3. │ └─WormTensor:::.check_as_worm_tensor(Ds)
4. │ └─base::lapply(...)
5. ├─WormTensor::worm_download()
6. │ └─utils::download.file(...)
7. └─base::.handleSimpleError(...)
8. └─base (local) h(simpleError(msg, call))
── Error ('test-worm_download.R:7:1'): (code run outside of `test_that()`) ─────
Error in `download.file("https://figshare.com/ndownloader/files/35963777",
tempfile1)`: cannot open URL 'https://figshare.com/ndownloader/files/35963777'
Backtrace:
▆
1. └─WormTensor::worm_download("Euclid") at test-worm_download.R:7:1
2. └─utils::download.file(...)
── Error ('test-worm_evaluate.R:2:1'): (code run outside of `test_that()`) ─────
Error in `h(simpleError(msg, call))`: error in evaluating the argument 'object' in selecting a method for function 'worm_clustering': error in evaluating the argument 'object' in selecting a method for function 'worm_membership': cannot open URL 'https://figshare.com/ndownloader/files/35963780'
Backtrace:
▆
1. ├─WormTensor::worm_clustering(...) at test-worm_evaluate.R:2:1
2. ├─WormTensor::worm_membership(...)
3. ├─WormTensor::as_worm_tensor(worm_download()$Ds)
4. │ └─WormTensor:::.check_as_worm_tensor(Ds)
5. │ └─base::lapply(...)
6. ├─WormTensor::worm_download()
7. │ └─utils::download.file(...)
8. ├─base::.handleSimpleError(...)
9. │ └─base (local) h(simpleError(msg, call))
10. └─base::.handleSimpleError(...)
11. └─base (local) h(simpleError(msg, call))
── Error ('test-worm_membership.R:2:1'): (code run outside of `test_that()`) ───
Error in `download.file("https://figshare.com/ndownloader/files/35963780",
tempfile1)`: cannot open URL 'https://figshare.com/ndownloader/files/35963780'
Backtrace:
▆
1. ├─WormTensor::as_worm_tensor(worm_download()$Ds) at test-worm_membership.R:2:1
2. │ └─WormTensor:::.check_as_worm_tensor(Ds)
3. │ └─base::lapply(...)
4. └─WormTensor::worm_download()
5. └─utils::download.file(...)
── Error ('test-worm_visualize.R:5:1'): (code run outside of `test_that()`) ────
Error in `h(simpleError(msg, call))`: error in evaluating the argument 'object' in selecting a method for function 'worm_visualize': error in evaluating the argument 'object' in selecting a method for function 'worm_evaluate': error in evaluating the argument 'object' in selecting a method for function 'worm_clustering': error in evaluating the argument 'object' in selecting a method for function 'worm_membership': cannot open URL 'https://figshare.com/ndownloader/files/35963780'
Backtrace:
▆
1. ├─WormTensor::worm_visualize(...) at test-worm_visualize.R:5:1
2. ├─WormTensor::worm_evaluate(...)
3. ├─WormTensor::worm_clustering(...)
4. ├─WormTensor::worm_membership(...)
5. ├─WormTensor::as_worm_tensor(worm_download()$Ds)
6. │ └─WormTensor:::.check_as_worm_tensor(Ds)
7. │ └─base::lapply(...)
8. ├─WormTensor::worm_download()
9. │ └─utils::download.file(...)
10. ├─base::.handleSimpleError(...)
11. │ └─base (local) h(simpleError(msg, call))
12. ├─base::.handleSimpleError(...)
13. │ └─base (local) h(simpleError(msg, call))
14. ├─base::.handleSimpleError(...)
15. │ └─base (local) h(simpleError(msg, call))
16. └─base::.handleSimpleError(...)
17. └─base (local) h(simpleError(msg, call))
[ FAIL 6 | WARN 9 | SKIP 0 | PASS 31 ]
Error: Test failures
Execution halted
Flavor: r-patched-linux-x86_64
Version: 0.1.1
Check: tests
Result: ERROR
Running 'testthat.R' [5s]
Running the tests in 'tests/testthat.R' failed.
Complete output:
> library(testthat)
> library(WormTensor)
>
> test_check("WormTensor")
trying URL 'https://figshare.com/ndownloader/files/35963780'
trying URL 'https://figshare.com/ndownloader/files/35963780'
trying URL 'https://figshare.com/ndownloader/files/35963777'
trying URL 'https://figshare.com/ndownloader/files/35963780'
trying URL 'https://figshare.com/ndownloader/files/35963780'
trying URL 'https://figshare.com/ndownloader/files/35963780'
[ FAIL 6 | WARN 9 | SKIP 0 | PASS 31 ]
══ Failed tests ════════════════════════════════════════════════════════════════
── Error ('test-as_worm_tensor.R:2:1'): (code run outside of `test_that()`) ────
Error in `download.file("https://figshare.com/ndownloader/files/35963780",
tempfile1, mode = "wb")`: cannot open URL 'https://figshare.com/ndownloader/files/35963780'
Backtrace:
▆
1. ├─WormTensor::as_worm_tensor(worm_download()$Ds) at test-as_worm_tensor.R:2:1
2. │ └─WormTensor:::.check_as_worm_tensor(Ds)
3. │ └─base::lapply(...)
4. └─WormTensor::worm_download()
5. └─utils::download.file(...)
── Error ('test-worm_clustering.R:2:1'): (code run outside of `test_that()`) ───
Error in `h(simpleError(msg, call))`: error in evaluating the argument 'object' in selecting a method for function 'worm_membership': cannot open URL 'https://figshare.com/ndownloader/files/35963780'
Backtrace:
▆
1. ├─WormTensor::worm_membership(...) at test-worm_clustering.R:2:1
2. ├─WormTensor::as_worm_tensor(worm_download()$Ds)
3. │ └─WormTensor:::.check_as_worm_tensor(Ds)
4. │ └─base::lapply(...)
5. ├─WormTensor::worm_download()
6. │ └─utils::download.file(...)
7. └─base::.handleSimpleError(...)
8. └─base (local) h(simpleError(msg, call))
── Error ('test-worm_download.R:7:1'): (code run outside of `test_that()`) ─────
Error in `download.file("https://figshare.com/ndownloader/files/35963777",
tempfile1, mode = "wb")`: cannot open URL 'https://figshare.com/ndownloader/files/35963777'
Backtrace:
▆
1. └─WormTensor::worm_download("Euclid") at test-worm_download.R:7:1
2. └─utils::download.file(...)
── Error ('test-worm_evaluate.R:2:1'): (code run outside of `test_that()`) ─────
Error in `h(simpleError(msg, call))`: error in evaluating the argument 'object' in selecting a method for function 'worm_clustering': error in evaluating the argument 'object' in selecting a method for function 'worm_membership': cannot open URL 'https://figshare.com/ndownloader/files/35963780'
Backtrace:
▆
1. ├─WormTensor::worm_clustering(...) at test-worm_evaluate.R:2:1
2. ├─WormTensor::worm_membership(...)
3. ├─WormTensor::as_worm_tensor(worm_download()$Ds)
4. │ └─WormTensor:::.check_as_worm_tensor(Ds)
5. │ └─base::lapply(...)
6. ├─WormTensor::worm_download()
7. │ └─utils::download.file(...)
8. ├─base::.handleSimpleError(...)
9. │ └─base (local) h(simpleError(msg, call))
10. └─base::.handleSimpleError(...)
11. └─base (local) h(simpleError(msg, call))
── Error ('test-worm_membership.R:2:1'): (code run outside of `test_that()`) ───
Error in `download.file("https://figshare.com/ndownloader/files/35963780",
tempfile1, mode = "wb")`: cannot open URL 'https://figshare.com/ndownloader/files/35963780'
Backtrace:
▆
1. ├─WormTensor::as_worm_tensor(worm_download()$Ds) at test-worm_membership.R:2:1
2. │ └─WormTensor:::.check_as_worm_tensor(Ds)
3. │ └─base::lapply(...)
4. └─WormTensor::worm_download()
5. └─utils::download.file(...)
── Error ('test-worm_visualize.R:5:1'): (code run outside of `test_that()`) ────
Error in `h(simpleError(msg, call))`: error in evaluating the argument 'object' in selecting a method for function 'worm_visualize': error in evaluating the argument 'object' in selecting a method for function 'worm_evaluate': error in evaluating the argument 'object' in selecting a method for function 'worm_clustering': error in evaluating the argument 'object' in selecting a method for function 'worm_membership': cannot open URL 'https://figshare.com/ndownloader/files/35963780'
Backtrace:
▆
1. ├─WormTensor::worm_visualize(...) at test-worm_visualize.R:5:1
2. ├─WormTensor::worm_evaluate(...)
3. ├─WormTensor::worm_clustering(...)
4. ├─WormTensor::worm_membership(...)
5. ├─WormTensor::as_worm_tensor(worm_download()$Ds)
6. │ └─WormTensor:::.check_as_worm_tensor(Ds)
7. │ └─base::lapply(...)
8. ├─WormTensor::worm_download()
9. │ └─utils::download.file(...)
10. ├─base::.handleSimpleError(...)
11. │ └─base (local) h(simpleError(msg, call))
12. ├─base::.handleSimpleError(...)
13. │ └─base (local) h(simpleError(msg, call))
14. ├─base::.handleSimpleError(...)
15. │ └─base (local) h(simpleError(msg, call))
16. └─base::.handleSimpleError(...)
17. └─base (local) h(simpleError(msg, call))
[ FAIL 6 | WARN 9 | SKIP 0 | PASS 31 ]
Error: Test failures
Execution halted
Flavor: r-release-windows-x86_64