Last updated on 2025-07-16 00:49:58 CEST.
Flavor | Version | Tinstall | Tcheck | Ttotal | Status | Flags |
---|---|---|---|---|---|---|
r-devel-linux-x86_64-debian-clang | 1.0.4 | 17.33 | 253.37 | 270.70 | NOTE | |
r-devel-linux-x86_64-debian-gcc | 1.0.6 | 11.86 | 168.20 | 180.06 | OK | |
r-devel-linux-x86_64-fedora-clang | 1.0.6 | 410.44 | OK | |||
r-devel-linux-x86_64-fedora-gcc | 1.0.6 | 384.82 | OK | |||
r-devel-windows-x86_64 | 1.0.6 | 18.00 | 232.00 | 250.00 | OK | |
r-patched-linux-x86_64 | 1.0.4 | 15.73 | 239.91 | 255.64 | NOTE | |
r-release-linux-x86_64 | 1.0.4 | 14.80 | 239.78 | 254.58 | NOTE | |
r-release-macos-arm64 | 1.0.4 | 137.00 | NOTE | |||
r-release-macos-x86_64 | 1.0.6 | 241.00 | OK | |||
r-release-windows-x86_64 | 1.0.4 | 18.00 | 252.00 | 270.00 | NOTE | |
r-oldrel-macos-arm64 | 1.0.4 | 143.00 | OK | |||
r-oldrel-macos-x86_64 | 1.0.6 | 236.00 | OK | |||
r-oldrel-windows-x86_64 | 1.0.6 | 25.00 | 289.00 | 314.00 | OK |
Version: 1.0.4
Check: CRAN incoming feasibility
Result: NOTE
Maintainer: ‘Julian Kohne <julian.kohne@gesis.org>’
No Authors@R field in DESCRIPTION.
Please add one, modifying
Authors@R: person(given = "Julian",
family = "Kohne",
role = c("aut", "cre"),
email = "julian.kohne@gesis.org")
as necessary.
Flavor: r-devel-linux-x86_64-debian-clang
Version: 1.0.4
Check: DESCRIPTION meta-information
Result: NOTE
Missing dependency on R >= 4.1.0 because package code uses the pipe
|> or function shorthand \(...) syntax added in R 4.1.0.
File(s) using such syntax:
‘plot_network.R’
Flavors: r-devel-linux-x86_64-debian-clang, r-patched-linux-x86_64, r-release-linux-x86_64, r-release-macos-arm64, r-release-windows-x86_64