Last updated on 2025-11-04 05:51:29 CET.
| Flavor | Version | Tinstall | Tcheck | Ttotal | Status | Flags | 
|---|---|---|---|---|---|---|
| r-devel-linux-x86_64-debian-clang | 0.1.1 | 14.04 | 116.46 | 130.50 | NOTE | |
| r-devel-linux-x86_64-debian-gcc | 0.1.1 | 11.63 | 86.54 | 98.17 | NOTE | |
| r-devel-linux-x86_64-fedora-clang | 0.1.1 | 27.00 | 177.48 | 204.48 | OK | |
| r-devel-linux-x86_64-fedora-gcc | 0.1.1 | 27.00 | 159.47 | 186.47 | OK | |
| r-devel-windows-x86_64 | 0.1.1 | 16.00 | 111.00 | 127.00 | OK | |
| r-patched-linux-x86_64 | 0.1.1 | 13.18 | 108.73 | 121.91 | OK | |
| r-release-linux-x86_64 | 0.1.1 | 12.19 | 110.19 | 122.38 | OK | |
| r-release-macos-arm64 | 0.1.1 | 6.00 | 45.00 | 51.00 | OK | |
| r-release-macos-x86_64 | 0.1.1 | 11.00 | 81.00 | 92.00 | OK | |
| r-release-windows-x86_64 | 0.1.1 | 16.00 | 108.00 | 124.00 | OK | |
| r-oldrel-macos-arm64 | 0.1.1 | 6.00 | 43.00 | 49.00 | NOTE | |
| r-oldrel-macos-x86_64 | 0.1.1 | 7.00 | 58.00 | 65.00 | NOTE | |
| r-oldrel-windows-x86_64 | 0.1.1 | 21.00 | 139.00 | 160.00 | NOTE | 
Version: 0.1.1
Check: CRAN incoming feasibility
Result: NOTE
  Maintainer: ‘Dr. Ranjit Kumar Paul <ranjitstat@gmail.com>’
  
  No Authors@R field in DESCRIPTION.
  Please add one, modifying
    Authors@R: c(person(given = c("Dr.", "Ranjit", "Kumar"),
                        family = "Paul",
                        role = c("aut", "cre"),
                        email = "ranjitstat@gmail.com"),
                 person(given = "Sandipan",
                        family = "Samanta",
                        role = "aut"),
                 person(given = "Ankit",
                        family = "Tanwar",
                        role = "aut"))
  as necessary.
Flavors: r-devel-linux-x86_64-debian-clang, r-devel-linux-x86_64-debian-gcc
Version: 0.1.1
Check: LazyData
Result: NOTE
    'LazyData' is specified without a 'data' directory
Flavors: r-oldrel-macos-arm64, r-oldrel-macos-x86_64, r-oldrel-windows-x86_64