Last updated on 2025-07-13 06:48:42 CEST.
Flavor | Version | Tinstall | Tcheck | Ttotal | Status | Flags |
---|---|---|---|---|---|---|
r-devel-linux-x86_64-debian-clang | 1.1.4 | 23.55 | 324.48 | 348.03 | OK | |
r-devel-linux-x86_64-debian-gcc | 1.1.4 | 16.17 | 219.70 | 235.87 | OK | |
r-devel-linux-x86_64-fedora-clang | 1.1.4 | 543.04 | OK | |||
r-devel-linux-x86_64-fedora-gcc | 1.1.4 | 517.55 | OK | |||
r-devel-windows-x86_64 | 1.1.4 | 23.00 | 296.00 | 319.00 | OK | |
r-patched-linux-x86_64 | 1.1.4 | 24.69 | 302.33 | 327.02 | OK | |
r-release-linux-x86_64 | 1.1.4 | 22.65 | 305.39 | 328.04 | OK | |
r-release-macos-arm64 | 1.1.4 | 143.00 | OK | |||
r-release-macos-x86_64 | 1.1.4 | 282.00 | OK | |||
r-release-windows-x86_64 | 1.1.4 | 23.00 | 307.00 | 330.00 | OK | |
r-oldrel-macos-arm64 | 1.1.4 | 144.00 | NOTE | |||
r-oldrel-macos-x86_64 | 1.1.4 | 213.00 | NOTE | |||
r-oldrel-windows-x86_64 | 1.1.4 | 32.00 | 398.00 | 430.00 | NOTE |
Version: 1.1.4
Check: installed package size
Result: NOTE
installed size is 5.4Mb
sub-directories of 1Mb or more:
doc 4.3Mb
Flavors: r-oldrel-macos-arm64, r-oldrel-macos-x86_64, r-oldrel-windows-x86_64