Last updated on 2025-11-04 05:51:30 CET.
| Flavor | Version | Tinstall | Tcheck | Ttotal | Status | Flags | 
|---|---|---|---|---|---|---|
| r-devel-linux-x86_64-debian-clang | 1.0 | 7.69 | 265.98 | 273.67 | NOTE | |
| r-devel-linux-x86_64-debian-gcc | 1.0 | 4.82 | 163.14 | 167.96 | NOTE | |
| r-devel-linux-x86_64-fedora-clang | 1.0 | 16.00 | 433.37 | 449.37 | OK | |
| r-devel-linux-x86_64-fedora-gcc | 1.0 | 17.00 | 427.78 | 444.78 | OK | |
| r-devel-windows-x86_64 | 1.0 | 8.00 | 239.00 | 247.00 | OK | |
| r-patched-linux-x86_64 | 1.0 | 6.83 | 249.08 | 255.91 | OK | |
| r-release-linux-x86_64 | 1.0 | 7.93 | 248.43 | 256.36 | OK | |
| r-release-macos-arm64 | 1.0 | 4.00 | 125.00 | 129.00 | OK | |
| r-release-macos-x86_64 | 1.0 | 7.00 | 279.00 | 286.00 | OK | |
| r-release-windows-x86_64 | 1.0 | 9.00 | 232.00 | 241.00 | OK | |
| r-oldrel-macos-arm64 | 1.0 | 3.00 | 109.00 | 112.00 | OK | |
| r-oldrel-macos-x86_64 | 1.0 | 9.00 | 183.00 | 192.00 | OK | |
| r-oldrel-windows-x86_64 | 1.0 | 11.00 | 318.00 | 329.00 | OK | 
Version: 1.0
Check: CRAN incoming feasibility
Result: NOTE
  Maintainer: ‘Lu Mao <lmao@biostat.wisc.edu>’
  
  No Authors@R field in DESCRIPTION.
  Please add one, modifying
    Authors@R: c(person(given = "Lu",
                        family = "Mao",
                        role = c("aut", "cre"),
                        email = "lmao@biostat.wisc.edu"),
                 person(given = "Tuo",
                        family = "Wang",
                        role = "aut"))
  as necessary.
Flavors: r-devel-linux-x86_64-debian-clang, r-devel-linux-x86_64-debian-gcc