Last updated on 2025-11-04 11:52:47 CET.
| Flavor | Version | Tinstall | Tcheck | Ttotal | Status | Flags | 
|---|---|---|---|---|---|---|
| r-devel-linux-x86_64-debian-clang | 1.0 | 2.12 | 28.70 | 30.82 | NOTE | |
| r-devel-linux-x86_64-debian-gcc | 1.0 | 1.69 | 23.34 | 25.03 | NOTE | |
| r-devel-linux-x86_64-fedora-clang | 1.0 | 46.84 | OK | |||
| r-devel-linux-x86_64-fedora-gcc | 1.0 | 58.32 | OK | |||
| r-devel-windows-x86_64 | 1.0 | 4.00 | 47.00 | 51.00 | OK | |
| r-patched-linux-x86_64 | 1.0 | 2.30 | 27.07 | 29.37 | OK | |
| r-release-linux-x86_64 | 1.0 | 1.94 | 27.33 | 29.27 | OK | |
| r-release-macos-arm64 | 1.0 | 1.00 | 29.00 | 30.00 | OK | |
| r-release-macos-x86_64 | 1.0 | 2.00 | 43.00 | 45.00 | OK | |
| r-release-windows-x86_64 | 1.0 | 3.00 | 47.00 | 50.00 | OK | |
| r-oldrel-macos-arm64 | 1.0 | 1.00 | 23.00 | 24.00 | OK | |
| r-oldrel-macos-x86_64 | 1.0 | 2.00 | 32.00 | 34.00 | OK | |
| r-oldrel-windows-x86_64 | 1.0 | 3.00 | 56.00 | 59.00 | OK | 
Version: 1.0
Check: CRAN incoming feasibility
Result: NOTE
  Maintainer: ‘Lu Mao <lmao@biostat.wisc.edu>’
  
  No Authors@R field in DESCRIPTION.
  Please add one, modifying
    Authors@R: person(given = "Lu",
                      family = "Mao",
                      role = c("aut", "cre"),
                      email = "lmao@biostat.wisc.edu")
  as necessary.
Flavors: r-devel-linux-x86_64-debian-clang, r-devel-linux-x86_64-debian-gcc